CRAN Package Check Results for Package distribglm

Last updated on 2021-11-30 22:54:29 CET.

Flavor Version Tinstall Tcheck Ttotal Status Flags
r-devel-linux-x86_64-debian-clang 0.4.1 4.59 38.94 43.53 OK
r-devel-linux-x86_64-debian-gcc 0.4.1 3.64 32.58 36.22 OK
r-devel-linux-x86_64-fedora-clang 0.4.1 62.77 OK
r-devel-linux-x86_64-fedora-gcc 0.4.1 50.45 OK
r-devel-windows-x86_64-new-UL 0.4.1 12.00 76.00 88.00 OK
r-devel-windows-x86_64-new-TK 0.4.1 OK
r-devel-windows-x86_64-old 0.4.1 7.00 47.00 54.00 OK
r-patched-linux-x86_64 0.4.1 4.56 36.11 40.67 OK
r-patched-solaris-x86 0.4.1 69.50 NOTE
r-release-linux-x86_64 0.4.1 2.88 36.60 39.48 OK
r-release-macos-arm64 0.4.1 OK
r-release-macos-x86_64 0.4.1 OK
r-release-windows-ix86+x86_64 0.4.1 14.00 44.00 58.00 OK
r-oldrel-macos-x86_64 0.4.1 OK
r-oldrel-windows-ix86+x86_64 0.4.1 10.00 45.00 55.00 OK

Check Details

Version: 0.4.1
Check: package dependencies
Result: NOTE
    Package suggested but not available for checking: ‘plumberDeploy’
Flavor: r-patched-solaris-x86