CRAN Package Check Results for Package distributions3

Last updated on 2024-03-02 22:41:52 CET.

Flavor Version Tinstall Tcheck Ttotal Status Flags
r-devel-linux-x86_64-debian-clang 0.2.1 13.82 200.95 214.77 NOTE
r-devel-linux-x86_64-debian-gcc 0.2.1 9.12 149.72 158.84 NOTE
r-devel-linux-x86_64-fedora-clang 0.2.1 272.08 NOTE
r-devel-linux-x86_64-fedora-gcc 0.2.1 274.70 NOTE
r-devel-windows-x86_64 0.2.1 14.00 198.00 212.00 OK
r-patched-linux-x86_64 0.2.1 20.04 195.99 216.03 OK
r-release-linux-x86_64 0.2.1 11.59 193.53 205.12 OK
r-release-macos-arm64 0.2.1 86.00 OK
r-release-macos-x86_64 0.2.1 127.00 OK
r-release-windows-x86_64 0.2.1 19.00 237.00 256.00 OK
r-oldrel-macos-arm64 0.2.1 66.00 OK
r-oldrel-windows-x86_64 0.2.1 18.00 190.00 208.00 OK

Check Details

Version: 0.2.1
Check: Rd files
Result: NOTE checkRd: (-1) Exponential.Rd:31: Lost braces 31 | \strong{Support}: {x in [0, \eqn{\infty})} | ^ Flavors: r-devel-linux-x86_64-debian-clang, r-devel-linux-x86_64-debian-gcc, r-devel-linux-x86_64-fedora-clang, r-devel-linux-x86_64-fedora-gcc