Last updated on 2024-04-23 22:55:20 CEST.
Flavor | Version | Tinstall | Tcheck | Ttotal | Status | Flags |
---|---|---|---|---|---|---|
r-devel-linux-x86_64-debian-clang | 0.1.2 | 10.04 | 59.97 | 70.01 | OK | |
r-devel-linux-x86_64-debian-gcc | 0.1.2 | 6.93 | 44.43 | 51.36 | OK | |
r-devel-linux-x86_64-fedora-clang | 0.1.2 | 94.10 | NOTE | |||
r-devel-linux-x86_64-fedora-gcc | 0.1.2 | 88.48 | NOTE | |||
r-prerel-macos-arm64 | 0.1.2 | 42.00 | OK | |||
r-prerel-macos-x86_64 | 0.1.2 | 58.00 | OK | |||
r-prerel-windows-x86_64 | 0.1.2 | 7.00 | 61.00 | 68.00 | OK | |
r-patched-linux-x86_64 | 0.1.2 | 5.45 | 56.83 | 62.28 | OK | |
r-release-linux-x86_64 | 0.1.2 | 7.33 | 52.90 | 60.23 | OK | |
r-release-macos-arm64 | 0.1.2 | 34.00 | OK | |||
r-release-macos-x86_64 | 0.1.2 | 48.00 | OK | |||
r-release-windows-x86_64 | 0.1.2 | 10.00 | 69.00 | 79.00 | OK | |
r-oldrel-macos-arm64 | 0.1.2 | 66.00 | NOTE | |||
r-oldrel-windows-x86_64 | 0.1.2 | 11.00 | 110.00 | 121.00 | OK |
Version: 0.1.2
Check: dependencies in R code
Result: NOTE
Namespaces in Imports field not imported from:
‘ggmulti’ ‘loon’ ‘loon.data’ ‘loon.ggplot’ ‘loon.shiny’ ‘loon.tourr’
‘stats’ ‘zenplots’
All declared Imports should be used.
Flavors: r-devel-linux-x86_64-fedora-clang, r-devel-linux-x86_64-fedora-gcc, r-oldrel-macos-arm64