CRAN Package Check Results for Package diveR

Last updated on 2024-02-21 21:49:37 CET.

Flavor Version Tinstall Tcheck Ttotal Status Flags
r-devel-linux-x86_64-debian-clang 0.1.2 OK
r-devel-linux-x86_64-debian-gcc 0.1.2 6.68 41.00 47.68 OK
r-devel-linux-x86_64-fedora-clang 0.1.2 79.35 NOTE
r-devel-linux-x86_64-fedora-gcc 0.1.2 77.80 NOTE
r-devel-windows-x86_64 0.1.2 9.00 63.00 72.00 OK
r-patched-linux-x86_64 0.1.2 7.17 53.51 60.68 OK
r-release-linux-x86_64 0.1.2 6.64 52.66 59.30 OK
r-release-macos-arm64 0.1.2 34.00 OK
r-release-macos-x86_64 0.1.2 48.00 OK
r-release-windows-x86_64 0.1.2 10.00 73.00 83.00 OK
r-oldrel-macos-arm64 0.1.2 66.00 NOTE
r-oldrel-windows-x86_64 0.1.2 11.00 88.00 99.00 OK

Check Details

Version: 0.1.2
Check: dependencies in R code
Result: NOTE Namespaces in Imports field not imported from: ‘ggmulti’ ‘loon’ ‘loon.data’ ‘loon.ggplot’ ‘loon.shiny’ ‘loon.tourr’ ‘stats’ ‘zenplots’ All declared Imports should be used. Flavors: r-devel-linux-x86_64-fedora-clang, r-devel-linux-x86_64-fedora-gcc, r-oldrel-macos-arm64