CRAN Package Check Results for Package diversitree

Last updated on 2021-06-22 22:56:33 CEST.

Flavor Version Tinstall Tcheck Ttotal Status Flags
r-devel-linux-x86_64-debian-clang 0.9-16 90.13 121.33 211.46 OK
r-devel-linux-x86_64-debian-gcc 0.9-16 57.58 88.20 145.78 OK
r-devel-linux-x86_64-fedora-clang 0.9-16 269.26 NOTE
r-devel-linux-x86_64-fedora-gcc 0.9-16 245.13 OK
r-devel-windows-x86_64 0.9-16 103.00 132.00 235.00 OK
r-devel-windows-x86_64-gcc10-UCRT 0.9-16 OK
r-patched-linux-x86_64 0.9-16 67.97 115.74 183.71 OK
r-patched-solaris-x86 0.9-16 237.10 OK
r-release-linux-x86_64 0.9-16 69.37 117.74 187.11 OK
r-release-macos-arm64 0.9-16 NOTE
r-release-macos-x86_64 0.9-16 NOTE
r-release-windows-ix86+x86_64 0.9-16 183.00 173.00 356.00 NOTE
r-oldrel-macos-x86_64 0.9-16 NOTE

Check Details

Version: 0.9-16
Check: installed package size
Result: NOTE
     installed size is 6.1Mb
     sub-directories of 1Mb or more:
     libs 4.8Mb
Flavors: r-devel-linux-x86_64-fedora-clang, r-release-macos-arm64, r-release-macos-x86_64, r-release-windows-ix86+x86_64, r-oldrel-macos-x86_64