CRAN Package Check Results for Package dlookr

Last updated on 2019-11-18 22:47:09 CET.

Flavor Version Tinstall Tcheck Ttotal Status Flags
r-devel-linux-x86_64-debian-clang 0.3.12 20.84 252.40 273.24 OK
r-devel-linux-x86_64-debian-gcc 0.3.12 18.04 198.47 216.51 OK
r-devel-linux-x86_64-fedora-clang 0.3.12 324.13 OK
r-devel-linux-x86_64-fedora-gcc 0.3.12 312.12 OK
r-devel-windows-ix86+x86_64 0.3.12 93.00 376.00 469.00 OK
r-patched-linux-x86_64 0.3.12 18.08 240.14 258.22 OK
r-patched-solaris-x86 0.3.12 487.40 OK
r-release-linux-x86_64 0.3.12 19.11 235.91 255.02 OK
r-release-windows-ix86+x86_64 0.3.12 45.00 430.00 475.00 OK
r-release-osx-x86_64 0.3.12 WARN
r-oldrel-windows-ix86+x86_64 0.3.12 24.00 237.00 261.00 OK
r-oldrel-osx-x86_64 0.3.12 WARN

Check Details

Version: 0.3.12
Check: dependencies in R code
Result: NOTE
    No protocol specified
    No protocol specified
Flavors: r-release-osx-x86_64, r-oldrel-osx-x86_64

Version: 0.3.12
Check: S3 generic/method consistency
Result: WARN
    No protocol specified
    No protocol specified
    See section ‘Generic functions and methods’ in the ‘Writing R
    Extensions’ manual.
Flavors: r-release-osx-x86_64, r-oldrel-osx-x86_64

Version: 0.3.12
Check: replacement functions
Result: WARN
    No protocol specified
    No protocol specified
    The argument of a replacement function which corresponds to the right
    hand side must be named ‘value’.
Flavors: r-release-osx-x86_64, r-oldrel-osx-x86_64

Version: 0.3.12
Check: foreign function calls
Result: NOTE
    No protocol specified
    No protocol specified
    See chapter ‘System and foreign language interfaces’ in the ‘Writing R
    Extensions’ manual.
Flavors: r-release-osx-x86_64, r-oldrel-osx-x86_64

Version: 0.3.12
Check: R code for possible problems
Result: NOTE
    No protocol specified
    No protocol specified
Flavors: r-release-osx-x86_64, r-oldrel-osx-x86_64

Version: 0.3.12
Check: for missing documentation entries
Result: WARN
    No protocol specified
    No protocol specified
    All user-level objects in a package should have documentation entries.
    See chapter ‘Writing R documentation files’ in the ‘Writing R
    Extensions’ manual.
Flavors: r-release-osx-x86_64, r-oldrel-osx-x86_64

Version: 0.3.12
Check: for code/documentation mismatches
Result: WARN
    No protocol specified
    No protocol specified
    No protocol specified
    No protocol specified
    No protocol specified
    No protocol specified
Flavors: r-release-osx-x86_64, r-oldrel-osx-x86_64

Version: 0.3.12
Check: Rd \usage sections
Result: NOTE
    No protocol specified
    No protocol specified
    The \usage entries for S3 methods should use the \method markup and not
    their full name.
    See chapter ‘Writing R documentation files’ in the ‘Writing R
    Extensions’ manual.
Flavors: r-release-osx-x86_64, r-oldrel-osx-x86_64