CRAN Package Check Results for Package doBy

Last updated on 2021-09-18 10:52:38 CEST.

Flavor Version Tinstall Tcheck Ttotal Status Flags
r-devel-linux-x86_64-debian-clang 4.6.11 14.61 131.79 146.40 OK
r-devel-linux-x86_64-debian-gcc 4.6.11 13.39 97.63 111.02 OK
r-devel-linux-x86_64-fedora-clang 4.6.11 180.75 OK
r-devel-linux-x86_64-fedora-gcc 4.6.11 168.15 OK
r-devel-windows-x86_64 4.6.11 18.00 170.00 188.00 OK
r-devel-windows-x86_64-gcc10-UCRT 4.6.11 OK
r-patched-linux-x86_64 4.6.11 17.07 122.91 139.98 OK
r-patched-solaris-x86 4.6.11 234.90 NOTE
r-release-linux-x86_64 4.6.11 14.79 122.82 137.61 OK
r-release-macos-arm64 4.6.11 NOTE
r-release-macos-x86_64 4.6.11 OK
r-release-windows-ix86+x86_64 4.6.11 30.00 125.00 155.00 OK
r-oldrel-macos-x86_64 4.6.11 OK
r-oldrel-windows-ix86+x86_64 4.6.11 30.00 172.00 202.00 OK

Check Details

Version: 4.6.11
Check: installed package size
Result: NOTE
     installed size is 5.1Mb
     sub-directories of 1Mb or more:
     data 4.1Mb
Flavor: r-patched-solaris-x86

Version: 4.6.11
Check: package dependencies
Result: NOTE
    Package suggested but not available for checking: ‘geepack’
Flavor: r-release-macos-arm64