CRAN Package Check Results for Package doParallel

Last updated on 2021-09-22 22:56:21 CEST.

Flavor Version Tinstall Tcheck Ttotal Status Flags
r-devel-linux-x86_64-debian-clang 1.0.16 2.16 127.52 129.68 NOTE
r-devel-linux-x86_64-debian-gcc 1.0.16 1.88 93.58 95.46 NOTE
r-devel-linux-x86_64-fedora-clang 1.0.16 165.53 OK
r-devel-linux-x86_64-fedora-gcc 1.0.16 148.69 OK
r-devel-windows-x86_64 1.0.16 4.00 113.00 117.00 OK
r-devel-windows-x86_64-gcc10-UCRT 1.0.16 ERROR
r-patched-linux-x86_64 1.0.16 2.39 120.78 123.17 NOTE
r-patched-solaris-x86 1.0.16 303.20 OK
r-release-linux-x86_64 1.0.16 2.41 122.32 124.73 NOTE
r-release-macos-arm64 1.0.16 OK
r-release-macos-x86_64 1.0.16 OK
r-release-windows-ix86+x86_64 1.0.16 5.00 128.00 133.00 OK
r-oldrel-macos-x86_64 1.0.16 OK
r-oldrel-windows-ix86+x86_64 1.0.16 5.00 114.00 119.00 OK

Check Details

Version: 1.0.16
Check: R code for possible problems
Result: NOTE
    Found the following calls to attach():
    File 'doParallel/R/doParallel.R':
     attach(exportEnv)
    See section 'Good practice' in '?attach'.
Flavors: r-devel-linux-x86_64-debian-clang, r-devel-linux-x86_64-debian-gcc, r-patched-linux-x86_64, r-release-linux-x86_64

Version: 1.0.16
Check: PDF version of manual
Result: WARN
    LaTeX errors when creating PDF version.
    This typically indicates Rd problems.
Flavor: r-devel-windows-x86_64-gcc10-UCRT

Version: 1.0.16
Check: PDF version of manual without hyperrefs or index
Result: ERROR
    Re-running with no redirection of stdout/stderr.
Flavor: r-devel-windows-x86_64-gcc10-UCRT