Last updated on 2024-04-23 22:55:20 CEST.
Flavor | Version | Tinstall | Tcheck | Ttotal | Status | Flags |
---|---|---|---|---|---|---|
r-devel-linux-x86_64-debian-clang | 3.0.2 | 3.54 | 41.31 | 44.85 | NOTE | |
r-devel-linux-x86_64-debian-gcc | 3.0.2 | 2.87 | 33.04 | 35.91 | NOTE | |
r-devel-linux-x86_64-fedora-clang | 3.0.2 | 59.89 | NOTE | |||
r-devel-linux-x86_64-fedora-gcc | 3.0.2 | 70.01 | NOTE | |||
r-prerel-macos-arm64 | 3.0.2 | 31.00 | NOTE | |||
r-prerel-windows-x86_64 | 3.0.2 | 8.00 | 97.00 | 105.00 | NOTE | |
r-patched-linux-x86_64 | 3.0.2 | 7.83 | 41.01 | 48.84 | NOTE | |
r-release-linux-x86_64 | 3.0.2 | 3.82 | 40.56 | 44.38 | OK | |
r-release-macos-arm64 | 3.0.2 | 36.00 | OK | |||
r-release-macos-x86_64 | 3.0.2 | 114.00 | OK | |||
r-release-windows-x86_64 | 3.0.2 | 9.00 | 86.00 | 95.00 | OK | |
r-oldrel-macos-arm64 | 3.0.2 | 30.00 | OK | |||
r-oldrel-windows-x86_64 | 3.0.2 | 8.00 | 90.00 | 98.00 | OK |
Version: 3.0.2
Check: Rd files
Result: NOTE
checkRd: (-1) redisWorker.Rd:56: Lost braces; missing escapes or markup?
56 | You can increase it by including a {timeout=n} argument value.
| ^
checkRd: (-1) startLocalWorkers.Rd:54: Lost braces; missing escapes or markup?
54 | You can increase it by including a {timeout=n} argument value.
| ^
Flavors: r-devel-linux-x86_64-debian-clang, r-devel-linux-x86_64-debian-gcc, r-devel-linux-x86_64-fedora-clang, r-devel-linux-x86_64-fedora-gcc, r-prerel-macos-arm64, r-prerel-windows-x86_64, r-patched-linux-x86_64