CRAN Package Check Results for Package donut

Last updated on 2021-10-20 23:50:07 CEST.

Flavor Version Tinstall Tcheck Ttotal Status Flags
r-devel-linux-x86_64-debian-clang 1.0.1 2.25 26.73 28.98 NOTE
r-devel-linux-x86_64-debian-gcc 1.0.1 1.67 21.06 22.73 NOTE
r-devel-linux-x86_64-fedora-clang 1.0.1 46.15 NOTE
r-devel-linux-x86_64-fedora-gcc 1.0.1 35.30 NOTE
r-devel-windows-x86_64 1.0.1 5.00 47.00 52.00 NOTE
r-devel-windows-x86_64-gcc10-UCRT 1.0.1 NOTE
r-patched-linux-x86_64 1.0.1 2.03 25.94 27.97 NOTE
r-patched-solaris-x86 1.0.1 53.40 NOTE
r-release-linux-x86_64 1.0.1 1.88 26.55 28.43 NOTE
r-release-macos-arm64 1.0.1 NOTE
r-release-macos-x86_64 1.0.1 NOTE
r-release-windows-ix86+x86_64 1.0.1 5.00 54.00 59.00 NOTE
r-oldrel-macos-x86_64 1.0.1 OK
r-oldrel-windows-ix86+x86_64 1.0.1 5.00 45.00 50.00 OK

Check Details

Version: 1.0.1
Check: LazyData
Result: NOTE
     'LazyData' is specified without a 'data' directory
Flavors: r-devel-linux-x86_64-debian-clang, r-devel-linux-x86_64-debian-gcc, r-devel-linux-x86_64-fedora-clang, r-devel-linux-x86_64-fedora-gcc, r-devel-windows-x86_64, r-devel-windows-x86_64-gcc10-UCRT, r-patched-linux-x86_64, r-patched-solaris-x86, r-release-linux-x86_64, r-release-macos-arm64, r-release-macos-x86_64, r-release-windows-ix86+x86_64