CRAN Package Check Results for Package dotgen

Last updated on 2024-06-19 22:54:38 CEST.

Flavor Version Tinstall Tcheck Ttotal Status Flags
r-devel-linux-x86_64-debian-clang 0.1.0 2.60 24.11 26.71 NOTE
r-devel-linux-x86_64-debian-gcc 0.1.0 1.70 18.63 20.33 NOTE
r-devel-linux-x86_64-fedora-clang 0.1.0 33.28 NOTE
r-devel-linux-x86_64-fedora-gcc 0.1.0 33.78 NOTE
r-devel-windows-x86_64 0.1.0 3.00 40.00 43.00 NOTE
r-patched-linux-x86_64 0.1.0 2.45 23.10 25.55 NOTE
r-release-linux-x86_64 0.1.0 1.80 23.28 25.08 NOTE
r-release-macos-arm64 0.1.0 15.00 NOTE
r-release-macos-x86_64 0.1.0 20.00 NOTE
r-release-windows-x86_64 0.1.0 4.00 40.00 44.00 NOTE
r-oldrel-macos-arm64 0.1.0 15.00 NOTE
r-oldrel-macos-x86_64 0.1.0 21.00 NOTE
r-oldrel-windows-x86_64 0.1.0 3.00 39.00 42.00 NOTE

Check Details

Version: 0.1.0
Check: Rd files
Result: NOTE checkRd: (-1) dot.Rd:24: Lost braces in \itemize; \value handles \item{}{} directly checkRd: (-1) dot.Rd:25: Lost braces in \itemize; \value handles \item{}{} directly checkRd: (-1) dot.Rd:26: Lost braces in \itemize; \value handles \item{}{} directly checkRd: (-1) dot.Rd:27: Lost braces in \itemize; \value handles \item{}{} directly checkRd: (-1) dot_sst.Rd:42: Lost braces in \itemize; \value handles \item{}{} directly checkRd: (-1) dot_sst.Rd:43: Lost braces in \itemize; \value handles \item{}{} directly checkRd: (-1) dot_sst.Rd:44: Lost braces in \itemize; \value handles \item{}{} directly checkRd: (-1) dot_sst.Rd:45: Lost braces in \itemize; \value handles \item{}{} directly checkRd: (-1) dot_sst.Rd:50: Lost braces in \itemize; \value handles \item{}{} directly checkRd: (-1) dot_sst.Rd:54: Lost braces in \itemize; \value handles \item{}{} directly Flavors: r-devel-linux-x86_64-debian-clang, r-devel-linux-x86_64-debian-gcc, r-devel-linux-x86_64-fedora-clang, r-devel-linux-x86_64-fedora-gcc, r-devel-windows-x86_64, r-patched-linux-x86_64, r-release-linux-x86_64, r-release-macos-arm64, r-release-macos-x86_64, r-release-windows-x86_64

Version: 0.1.0
Check: LazyData
Result: NOTE 'LazyData' is specified without a 'data' directory Flavors: r-devel-linux-x86_64-debian-clang, r-devel-linux-x86_64-debian-gcc, r-devel-linux-x86_64-fedora-clang, r-devel-linux-x86_64-fedora-gcc, r-devel-windows-x86_64, r-patched-linux-x86_64, r-release-linux-x86_64, r-release-macos-arm64, r-release-macos-x86_64, r-release-windows-x86_64, r-oldrel-macos-arm64, r-oldrel-macos-x86_64, r-oldrel-windows-x86_64