Last updated on 2023-09-21 23:03:18 CEST.
Flavor | Version | Tinstall | Tcheck | Ttotal | Status | Flags |
---|---|---|---|---|---|---|
r-devel-linux-x86_64-debian-clang | 1.0 | 28.49 | 60.01 | 88.50 | NOTE | |
r-devel-linux-x86_64-debian-gcc | 1.0 | 20.91 | 44.20 | 65.11 | NOTE | |
r-devel-linux-x86_64-fedora-clang | 1.0 | 128.39 | NOTE | |||
r-devel-linux-x86_64-fedora-gcc | 1.0 | 121.76 | NOTE | |||
r-devel-windows-x86_64 | 1.0 | 28.00 | 91.00 | 119.00 | NOTE | |
r-patched-linux-x86_64 | 1.0 | 29.13 | 57.11 | 86.24 | NOTE | |
r-release-linux-x86_64 | 1.0 | 25.63 | 57.86 | 83.49 | NOTE | |
r-release-macos-arm64 | 1.0 | 43.00 | NOTE | |||
r-release-macos-x86_64 | 1.0 | 58.00 | NOTE | |||
r-release-windows-x86_64 | 1.0 | 35.00 | 94.00 | 129.00 | NOTE | |
r-oldrel-macos-arm64 | 1.0 | 35.00 | NOTE | |||
r-oldrel-macos-x86_64 | 1.0 | 61.00 | NOTE | |||
r-oldrel-windows-x86_64 | 1.0 | 33.00 | 98.00 | 131.00 | NOTE |
Version: 1.0
Check: C++ specification
Result: NOTE
Specified C++11: please drop specification unless essential
Flavors: r-devel-linux-x86_64-debian-clang, r-devel-linux-x86_64-debian-gcc, r-devel-linux-x86_64-fedora-clang, r-devel-linux-x86_64-fedora-gcc, r-devel-windows-x86_64, r-patched-linux-x86_64, r-release-linux-x86_64, r-release-macos-arm64, r-release-macos-x86_64, r-release-windows-x86_64
Version: 1.0
Check: Rd contents
Result: NOTE
Auto-generated content requiring editing in Rd object 'downscaledl-package':
\references: ‘~~ Literature or other references for background information ~~’
Flavors: r-devel-linux-x86_64-debian-clang, r-devel-linux-x86_64-debian-gcc, r-devel-linux-x86_64-fedora-clang, r-devel-linux-x86_64-fedora-gcc, r-devel-windows-x86_64
Version: 1.0
Check: LazyData
Result: NOTE
'LazyData' is specified without a 'data' directory
Flavors: r-devel-linux-x86_64-debian-clang, r-devel-linux-x86_64-debian-gcc, r-devel-linux-x86_64-fedora-clang, r-devel-linux-x86_64-fedora-gcc, r-devel-windows-x86_64, r-patched-linux-x86_64, r-release-linux-x86_64, r-release-macos-arm64, r-release-macos-x86_64, r-release-windows-x86_64, r-oldrel-macos-arm64, r-oldrel-macos-x86_64, r-oldrel-windows-x86_64
Version: 1.0
Check: dependencies in R code
Result: NOTE
Namespaces in Imports field not imported from:
‘dplyr’ ‘parallel’ ‘rgdal’ ‘sp’ ‘tensorflow’
All declared Imports should be used.
Flavors: r-devel-linux-x86_64-fedora-clang, r-devel-linux-x86_64-fedora-gcc, r-oldrel-macos-arm64, r-oldrel-macos-x86_64