CRAN Package Check Results for Package dplyr.teradata

Last updated on 2021-11-28 22:51:12 CET.

Flavor Version Tinstall Tcheck Ttotal Status Flags
r-devel-linux-x86_64-debian-clang 0.4.1 NOTE
r-devel-linux-x86_64-debian-gcc 0.4.1 5.46 49.27 54.73 NOTE
r-devel-linux-x86_64-fedora-clang 0.4.1 97.79 NOTE
r-devel-linux-x86_64-fedora-gcc 0.4.1 82.89 NOTE
r-devel-windows-x86_64-new-UL 0.4.1 17.00 104.00 121.00 NOTE
r-devel-windows-x86_64-new-TK 0.4.1 NOTE
r-devel-windows-x86_64-old 0.4.1 10.00 79.00 89.00 NOTE
r-patched-linux-x86_64 0.4.1 9.88 61.01 70.89 NOTE
r-patched-solaris-x86 0.4.1 114.50 NOTE
r-release-linux-x86_64 0.4.1 7.87 60.49 68.36 NOTE
r-release-macos-arm64 0.4.1 NOTE
r-release-macos-x86_64 0.4.1 NOTE
r-release-windows-ix86+x86_64 0.4.1 19.00 63.00 82.00 NOTE
r-oldrel-macos-x86_64 0.4.1 OK
r-oldrel-windows-ix86+x86_64 0.4.1 41.00 86.00 127.00 OK

Check Details

Version: 0.4.1
Check: LazyData
Result: NOTE
     'LazyData' is specified without a 'data' directory
Flavors: r-devel-linux-x86_64-debian-clang, r-devel-linux-x86_64-debian-gcc, r-devel-linux-x86_64-fedora-clang, r-devel-linux-x86_64-fedora-gcc, r-devel-windows-x86_64-new-UL, r-devel-windows-x86_64-new-TK, r-devel-windows-x86_64-old, r-patched-linux-x86_64, r-patched-solaris-x86, r-release-linux-x86_64, r-release-macos-arm64, r-release-macos-x86_64, r-release-windows-ix86+x86_64