Last updated on 2023-10-02 22:07:57 CEST.
Flavor | Version | Tinstall | Tcheck | Ttotal | Status | Flags |
---|---|---|---|---|---|---|
r-devel-linux-x86_64-debian-clang | 0.1.0 | 6.95 | 52.93 | 59.88 | NOTE | |
r-devel-linux-x86_64-debian-gcc | 0.1.0 | 5.58 | 40.91 | 46.49 | NOTE | |
r-devel-linux-x86_64-fedora-clang | 0.1.0 | 72.07 | NOTE | |||
r-devel-linux-x86_64-fedora-gcc | 0.1.0 | 87.23 | NOTE | |||
r-devel-windows-x86_64 | 0.1.0 | 8.00 | 62.00 | 70.00 | NOTE | |
r-patched-linux-x86_64 | 0.1.0 | 4.76 | 51.45 | 56.21 | NOTE | |
r-release-linux-x86_64 | 0.1.0 | 4.31 | 52.89 | 57.20 | NOTE | |
r-release-macos-arm64 | 0.1.0 | 36.00 | NOTE | |||
r-release-macos-x86_64 | 0.1.0 | 63.00 | NOTE | |||
r-release-windows-x86_64 | 0.1.0 | 10.00 | 69.00 | 79.00 | NOTE | |
r-oldrel-macos-arm64 | 0.1.0 | 29.00 | NOTE | |||
r-oldrel-macos-x86_64 | 0.1.0 | 43.00 | NOTE | |||
r-oldrel-windows-x86_64 | 0.1.0 | 12.00 | 78.00 | 90.00 | NOTE |
Version: 0.1.0
Check: LazyData
Result: NOTE
'LazyData' is specified without a 'data' directory
Flavors: r-devel-linux-x86_64-debian-clang, r-devel-linux-x86_64-debian-gcc, r-devel-linux-x86_64-fedora-clang, r-devel-linux-x86_64-fedora-gcc, r-devel-windows-x86_64, r-patched-linux-x86_64, r-release-linux-x86_64, r-release-macos-arm64, r-release-macos-x86_64, r-release-windows-x86_64, r-oldrel-macos-arm64, r-oldrel-macos-x86_64, r-oldrel-windows-x86_64
Version: 0.1.0
Check: dependencies in R code
Result: NOTE
Namespaces in Imports field not imported from:
‘tidyr’ ‘tidyverse’
All declared Imports should be used.
Flavors: r-devel-linux-x86_64-fedora-clang, r-devel-linux-x86_64-fedora-gcc, r-oldrel-macos-arm64, r-oldrel-macos-x86_64