Last updated on 2023-09-29 21:53:51 CEST.
Flavor | Version | Tinstall | Tcheck | Ttotal | Status | Flags |
---|---|---|---|---|---|---|
r-devel-linux-x86_64-debian-clang | 0.0.4 | 3.93 | 43.03 | 46.96 | NOTE | |
r-devel-linux-x86_64-debian-gcc | 0.0.4 | 3.88 | 33.20 | 37.08 | NOTE | |
r-devel-linux-x86_64-fedora-clang | 0.0.4 | 59.24 | NOTE | |||
r-devel-linux-x86_64-fedora-gcc | 0.0.4 | 58.19 | NOTE | |||
r-devel-windows-x86_64 | 0.0.4 | 7.00 | 62.00 | 69.00 | NOTE | |
r-patched-linux-x86_64 | 0.0.4 | 5.62 | 42.72 | 48.34 | OK | |
r-release-linux-x86_64 | 0.0.4 | 4.00 | 42.07 | 46.07 | OK | |
r-release-macos-arm64 | 0.0.4 | 22.00 | OK | |||
r-release-macos-x86_64 | 0.0.4 | 32.00 | OK | |||
r-release-windows-x86_64 | 0.0.4 | 6.00 | 66.00 | 72.00 | OK | |
r-oldrel-macos-arm64 | 0.0.4 | 21.00 | OK | |||
r-oldrel-macos-x86_64 | 0.0.4 | 29.00 | OK | |||
r-oldrel-windows-x86_64 | 0.0.4 | 8.00 | 60.00 | 68.00 | OK |
Version: 0.0.4
Check: package namespace information
Result: NOTE
Found export directive that requires package ‘methods’:
‘exportMethods’
Remove all such namespace directives (if obsolete) or ensure that the
DESCRIPTION Depends or Imports field contains ‘methods’.
Flavors: r-devel-linux-x86_64-debian-clang, r-devel-linux-x86_64-debian-gcc, r-devel-linux-x86_64-fedora-clang, r-devel-linux-x86_64-fedora-gcc, r-devel-windows-x86_64