Last updated on 2023-09-30 22:59:05 CEST.
Flavor | Version | Tinstall | Tcheck | Ttotal | Status | Flags |
---|---|---|---|---|---|---|
r-devel-linux-x86_64-debian-clang | 0.1.1 | 26.17 | 46.10 | 72.27 | OK | |
r-devel-linux-x86_64-debian-gcc | 0.1.1 | 18.45 | 35.85 | 54.30 | OK | |
r-devel-linux-x86_64-fedora-clang | 0.1.1 | 93.46 | NOTE | |||
r-devel-linux-x86_64-fedora-gcc | 0.1.1 | 119.60 | OK | |||
r-devel-windows-x86_64 | 0.1.1 | 19.00 | 84.00 | 103.00 | OK | |
r-patched-linux-x86_64 | 0.1.1 | 23.56 | 43.65 | 67.21 | OK | |
r-release-linux-x86_64 | 0.1.1 | 22.72 | 44.26 | 66.98 | OK | |
r-release-macos-arm64 | 0.1.1 | 42.00 | OK | |||
r-release-macos-x86_64 | 0.1.1 | 73.00 | OK | |||
r-release-windows-x86_64 | 0.1.1 | 22.00 | 90.00 | 112.00 | OK | |
r-oldrel-macos-arm64 | 0.1.1 | 35.00 | OK | |||
r-oldrel-macos-x86_64 | 0.1.1 | 45.00 | OK | |||
r-oldrel-windows-x86_64 | 0.1.1 | 26.00 | 85.00 | 111.00 | OK |
Version: 0.1.1
Check: Rd cross-references
Result: NOTE
Undeclared package ‘RcppEigen’ in Rd xrefs
Flavor: r-devel-linux-x86_64-fedora-clang