Last updated on 2023-10-01 23:03:43 CEST.
Flavor | Version | Tinstall | Tcheck | Ttotal | Status | Flags |
---|---|---|---|---|---|---|
r-devel-linux-x86_64-debian-clang | 2.0.0 | 12.46 | 144.89 | 157.35 | NOTE | |
r-devel-linux-x86_64-debian-gcc | 2.0.0 | 9.66 | 107.28 | 116.94 | NOTE | |
r-devel-linux-x86_64-fedora-clang | 2.0.0 | 184.81 | NOTE | |||
r-devel-linux-x86_64-fedora-gcc | 2.0.0 | 197.34 | NOTE | |||
r-devel-windows-x86_64 | 2.0.0 | 13.00 | 120.00 | 133.00 | NOTE | |
r-patched-linux-x86_64 | 2.0.0 | 14.91 | 135.87 | 150.78 | NOTE | |
r-release-linux-x86_64 | 2.0.0 | 8.28 | 141.10 | 149.38 | NOTE | |
r-release-macos-arm64 | 2.0.0 | 66.00 | NOTE | |||
r-release-macos-x86_64 | 2.0.0 | 100.00 | NOTE | |||
r-release-windows-x86_64 | 2.0.0 | 15.00 | 149.00 | 164.00 | NOTE | |
r-oldrel-macos-arm64 | 2.0.0 | 51.00 | OK | |||
r-oldrel-macos-x86_64 | 2.0.0 | 99.00 | OK | |||
r-oldrel-windows-x86_64 | 2.0.0 | 17.00 | 149.00 | 166.00 | OK |
Version: 2.0.0
Check: Rd files
Result: NOTE
checkRd: (-1) confint.dr4pl.Rd:49: Escaped LaTeX specials: \&
checkRd: (-1) gof-dr4pl.Rd:40: Escaped LaTeX specials: \&
checkRd: (-1) vcov.dr4pl.Rd:61: Escaped LaTeX specials: \&
Flavors: r-devel-linux-x86_64-debian-clang, r-devel-linux-x86_64-debian-gcc, r-devel-linux-x86_64-fedora-clang, r-devel-linux-x86_64-fedora-gcc, r-devel-windows-x86_64, r-patched-linux-x86_64, r-release-linux-x86_64, r-release-macos-arm64, r-release-macos-x86_64, r-release-windows-x86_64