CRAN Package Check Results for Package dragulaR

Last updated on 2024-05-20 23:00:23 CEST.

Flavor Version Tinstall Tcheck Ttotal Status Flags
r-devel-linux-x86_64-debian-clang 0.3.1 4.55 37.77 42.32 NOTE
r-devel-linux-x86_64-debian-gcc 0.3.1 2.87 29.64 32.51 NOTE
r-devel-linux-x86_64-fedora-clang 0.3.1 55.20 NOTE
r-devel-linux-x86_64-fedora-gcc 0.3.1 49.98 NOTE
r-devel-windows-x86_64 0.3.1 6.00 50.00 56.00 NOTE
r-patched-linux-x86_64 0.3.1 4.17 36.69 40.86 NOTE
r-release-linux-x86_64 0.3.1 2.82 37.41 40.23 NOTE
r-release-macos-arm64 0.3.1 21.00 NOTE
r-release-windows-x86_64 0.3.1 6.00 50.00 56.00 NOTE
r-oldrel-macos-arm64 0.3.1 21.00 NOTE
r-oldrel-macos-x86_64 0.3.1 32.00 NOTE
r-oldrel-windows-x86_64 0.3.1 6.00 56.00 62.00 NOTE

Check Details

Version: 0.3.1
Check: LazyData
Result: NOTE 'LazyData' is specified without a 'data' directory Flavors: r-devel-linux-x86_64-debian-clang, r-devel-linux-x86_64-debian-gcc, r-devel-linux-x86_64-fedora-clang, r-devel-linux-x86_64-fedora-gcc, r-devel-windows-x86_64, r-patched-linux-x86_64, r-release-linux-x86_64, r-release-macos-arm64, r-release-windows-x86_64, r-oldrel-macos-arm64, r-oldrel-macos-x86_64, r-oldrel-windows-x86_64