CRAN Package Check Results for Package drake

Last updated on 2024-02-26 23:03:37 CET.

Flavor Version Tinstall Tcheck Ttotal Status Flags
r-devel-linux-x86_64-debian-clang 7.13.8 19.38 203.82 223.20 NOTE
r-devel-linux-x86_64-debian-gcc 7.13.8 14.25 152.07 166.32 OK
r-devel-linux-x86_64-fedora-clang 7.13.8 284.23 OK
r-devel-linux-x86_64-fedora-gcc 7.13.8 261.62 OK
r-devel-windows-x86_64 7.13.8 21.00 202.00 223.00 OK
r-patched-linux-x86_64 7.13.8 30.20 196.53 226.73 OK
r-release-linux-x86_64 7.13.8 23.18 196.80 219.98 OK
r-release-macos-arm64 7.13.8 69.00 OK
r-release-macos-x86_64 7.13.8 184.00 OK
r-release-windows-x86_64 7.13.8 27.00 288.00 315.00 OK
r-oldrel-macos-arm64 7.13.8 72.00 OK
r-oldrel-windows-x86_64 7.13.8 28.00 247.00 275.00 OK

Check Details

Version: 7.13.8
Check: package dependencies
Result: NOTE Package suggested but not available for checking: ‘disk.frame’ Flavor: r-devel-linux-x86_64-debian-clang