Last updated on 2023-09-22 23:04:57 CEST.
Flavor | Version | Tinstall | Tcheck | Ttotal | Status | Flags |
---|---|---|---|---|---|---|
r-devel-linux-x86_64-debian-clang | 1.0.1 | 14.30 | 120.21 | 134.51 | OK | |
r-devel-linux-x86_64-debian-gcc | 1.0.1 | 10.29 | 85.35 | 95.64 | OK | |
r-devel-linux-x86_64-fedora-clang | 1.0.1 | 170.59 | NOTE | |||
r-devel-linux-x86_64-fedora-gcc | 1.0.1 | 160.78 | OK | |||
r-devel-windows-x86_64 | 1.0.1 | 13.00 | 93.00 | 106.00 | OK | |
r-patched-linux-x86_64 | 1.0.1 | 13.76 | 112.30 | 126.06 | OK | |
r-release-linux-x86_64 | 1.0.1 | 13.66 | 111.70 | 125.36 | OK | |
r-release-macos-arm64 | 1.0.1 | 47.00 | OK | |||
r-release-macos-x86_64 | 1.0.1 | 71.00 | OK | |||
r-release-windows-x86_64 | 1.0.1 | 15.00 | 106.00 | 121.00 | OK | |
r-oldrel-macos-arm64 | 1.0.1 | 49.00 | OK | |||
r-oldrel-macos-x86_64 | 1.0.1 | 64.00 | OK | |||
r-oldrel-windows-x86_64 | 1.0.1 | 15.00 | 108.00 | 123.00 | OK |
Version: 1.0.1
Check: Rd cross-references
Result: NOTE
Undeclared package ‘SimMultiCorrData’ in Rd xrefs
Flavor: r-devel-linux-x86_64-fedora-clang