CRAN Package Check Results for Package driveR

Last updated on 2021-06-18 22:54:26 CEST.

Flavor Version Tinstall Tcheck Ttotal Status Flags
r-devel-linux-x86_64-debian-clang 0.2.1 11.77 159.51 171.28 OK
r-devel-linux-x86_64-debian-gcc 0.2.1 10.70 121.14 131.84 OK
r-devel-linux-x86_64-fedora-clang 0.2.1 215.41 NOTE
r-devel-linux-x86_64-fedora-gcc 0.2.1 206.35 OK
r-devel-windows-x86_64 0.2.1 21.00 183.00 204.00 NOTE
r-devel-windows-x86_64-gcc10-UCRT 0.2.1 OK
r-patched-linux-x86_64 0.2.1 11.54 151.45 162.99 OK
r-patched-solaris-x86 0.2.1 291.90 NOTE
r-release-linux-x86_64 0.2.1 11.84 152.29 164.13 OK
r-release-macos-arm64 0.2.1 ERROR
r-release-macos-x86_64 0.2.1 ERROR
r-release-windows-ix86+x86_64 0.2.1 27.00 185.00 212.00 NOTE
r-oldrel-macos-x86_64 0.2.1 NOTE
r-oldrel-windows-ix86+x86_64 0.2.1 20.00 190.00 210.00 NOTE

Check Details

Version: 0.2.1
Check: installed package size
Result: NOTE
     installed size is 5.5Mb
     sub-directories of 1Mb or more:
     data 1.7Mb
     extdata 3.2Mb
Flavors: r-devel-linux-x86_64-fedora-clang, r-devel-windows-x86_64, r-patched-solaris-x86, r-release-windows-ix86+x86_64, r-oldrel-macos-x86_64, r-oldrel-windows-ix86+x86_64

Version: 0.2.1
Check: package dependencies
Result: ERROR
    Packages required but not available:
     'GenomicRanges', 'GenomicFeatures',
     'TxDb.Hsapiens.UCSC.hg19.knownGene', 'org.Hs.eg.db'
    
    See section ‘The DESCRIPTION file’ in the ‘Writing R Extensions’
    manual.
Flavor: r-release-macos-arm64

Version: 0.2.1
Check: package dependencies
Result: ERROR
    Packages required but not available:
     'TxDb.Hsapiens.UCSC.hg19.knownGene', 'org.Hs.eg.db'
    
    See section ‘The DESCRIPTION file’ in the ‘Writing R Extensions’
    manual.
Flavor: r-release-macos-x86_64