CRAN Package Check Results for Package drpop

Last updated on 2024-05-25 21:56:58 CEST.

Flavor Version Tinstall Tcheck Ttotal Status Flags
r-devel-linux-x86_64-debian-clang 0.0.3 13.08 236.33 249.41 NOTE
r-devel-linux-x86_64-debian-gcc 0.0.3 10.86 154.15 165.01 NOTE
r-devel-linux-x86_64-fedora-clang 0.0.3 296.56 NOTE
r-devel-linux-x86_64-fedora-gcc 0.0.3 309.06 NOTE
r-devel-windows-x86_64 0.0.3 12.00 182.00 194.00 NOTE
r-patched-linux-x86_64 0.0.3 13.71 243.22 256.93 NOTE
r-release-linux-x86_64 0.0.3 12.38 218.79 231.17 NOTE
r-release-macos-arm64 0.0.3 87.00 NOTE
r-release-windows-x86_64 0.0.3 14.00 203.00 217.00 NOTE
r-oldrel-macos-arm64 0.0.3 88.00 OK
r-oldrel-macos-x86_64 0.0.3 166.00 OK
r-oldrel-windows-x86_64 0.0.3 16.00 196.00 212.00 OK

Check Details

Version: 0.0.3
Check: Rd files
Result: NOTE checkRd: (-1) popsize.Rd:70: Lost braces in \itemize; \value handles \item{}{} directly checkRd: (-1) popsize.Rd:71: Lost braces in \itemize; \value handles \item{}{} directly checkRd: (-1) popsize.Rd:72: Lost braces in \itemize; \value handles \item{}{} directly checkRd: (-1) popsize.Rd:73: Lost braces in \itemize; \value handles \item{}{} directly checkRd: (-1) popsize.Rd:74: Lost braces in \itemize; \value handles \item{}{} directly checkRd: (-1) popsize.Rd:75: Lost braces in \itemize; \value handles \item{}{} directly checkRd: (-1) popsize_cond.Rd:52: Lost braces in \itemize; \value handles \item{}{} directly checkRd: (-1) popsize_cond.Rd:53: Lost braces in \itemize; \value handles \item{}{} directly checkRd: (-1) popsize_cond.Rd:54: Lost braces in \itemize; \value handles \item{}{} directly checkRd: (-1) popsize_cond.Rd:55: Lost braces in \itemize; \value handles \item{}{} directly checkRd: (-1) popsize_cond.Rd:56: Lost braces in \itemize; \value handles \item{}{} directly checkRd: (-1) popsize_cond.Rd:57: Lost braces in \itemize; \value handles \item{}{} directly Flavors: r-devel-linux-x86_64-debian-clang, r-devel-linux-x86_64-debian-gcc, r-devel-linux-x86_64-fedora-clang, r-devel-linux-x86_64-fedora-gcc, r-devel-windows-x86_64, r-patched-linux-x86_64, r-release-linux-x86_64, r-release-macos-arm64, r-release-windows-x86_64