Last updated on 2024-03-28 23:01:43 CET.
Flavor | Version | Tinstall | Tcheck | Ttotal | Status | Flags |
---|---|---|---|---|---|---|
r-devel-linux-x86_64-debian-clang | 0.0.4 | 11.14 | 132.69 | 143.83 | OK | |
r-devel-linux-x86_64-debian-gcc | 0.0.4 | 10.62 | 101.88 | 112.50 | OK | |
r-devel-linux-x86_64-fedora-clang | 0.0.4 | 182.51 | NOTE | |||
r-devel-linux-x86_64-fedora-gcc | 0.0.4 | 189.48 | OK | |||
r-devel-windows-x86_64 | 0.0.4 | 12.00 | 119.00 | 131.00 | OK | |
r-patched-linux-x86_64 | 0.0.4 | 9.74 | 132.48 | 142.22 | OK | |
r-release-linux-x86_64 | 0.0.4 | 13.63 | 129.53 | 143.16 | OK | |
r-release-macos-arm64 | 0.0.4 | 62.00 | OK | |||
r-release-macos-x86_64 | 0.0.4 | 105.00 | OK | |||
r-release-windows-x86_64 | 0.0.4 | 16.00 | 146.00 | 162.00 | OK | |
r-oldrel-macos-arm64 | 0.0.4 | 47.00 | OK | |||
r-oldrel-windows-x86_64 | 0.0.4 | 17.00 | 143.00 | 160.00 | OK |
Version: 0.0.4
Check: Rd cross-references
Result: NOTE
Undeclared package ‘data.table’ in Rd xrefs
Flavor: r-devel-linux-x86_64-fedora-clang