CRAN Package Check Results for Package dscore

Last updated on 2021-08-04 22:55:11 CEST.

Flavor Version Tinstall Tcheck Ttotal Status Flags
r-devel-linux-x86_64-debian-clang 1.4.0 32.84 69.46 102.30 OK
r-devel-linux-x86_64-debian-gcc 1.4.0 25.65 51.91 77.56 OK
r-devel-linux-x86_64-fedora-clang 1.4.0 140.86 OK
r-devel-linux-x86_64-fedora-gcc 1.4.0 125.11 OK
r-devel-windows-x86_64 1.4.0 42.00 103.00 145.00 OK
r-devel-windows-x86_64-gcc10-UCRT 1.4.0 OK
r-patched-linux-x86_64 1.4.0 32.91 65.31 98.22 OK
r-patched-solaris-x86 1.4.0 154.40 OK
r-release-linux-x86_64 1.4.0 23.47 65.82 89.29 OK
r-release-macos-arm64 1.4.0 WARN
r-release-macos-x86_64 1.4.0 OK
r-release-windows-ix86+x86_64 1.4.0 83.00 127.00 210.00 OK
r-oldrel-macos-x86_64 1.4.0 OK
r-oldrel-windows-ix86+x86_64 1.4.0 61.00 140.00 201.00 OK

Check Details

Version: 1.4.0
Check: re-building of vignette outputs
Result: WARN
    Error(s) in re-building vignettes:
     ...
    --- re-building ‘start.Rmd’ using rmarkdown
    Warning in engine$weave(file, quiet = quiet, encoding = enc) :
     Pandoc (>= 1.12.3) not available. Falling back to R Markdown v1.
    Quitting from lines 88-102 (start.Rmd)
    Error: processing vignette 'start.Rmd' failed with diagnostics:
    polygon edge not found
    --- failed re-building ‘start.Rmd’
    
    SUMMARY: processing the following file failed:
     ‘start.Rmd’
    
    Error: Vignette re-building failed.
    Execution halted
Flavor: r-release-macos-arm64