CRAN Package Check Results for Package dsm

Last updated on 2024-07-21 22:48:43 CEST.

Flavor Version Tinstall Tcheck Ttotal Status Flags
r-devel-linux-x86_64-debian-clang 2.3.3 13.30 118.18 131.48 NOTE
r-devel-linux-x86_64-debian-gcc 2.3.3 11.16 85.77 96.93 NOTE
r-devel-linux-x86_64-fedora-clang 2.3.3 161.41 NOTE
r-devel-linux-x86_64-fedora-gcc 2.3.3 148.37 NOTE
r-devel-windows-x86_64 2.3.3 13.00 106.00 119.00 NOTE
r-patched-linux-x86_64 2.3.3 19.34 108.78 128.12 NOTE
r-release-linux-x86_64 2.3.3 13.65 109.61 123.26 NOTE
r-release-macos-arm64 2.3.3 46.00 NOTE
r-release-macos-x86_64 2.3.3 69.00 NOTE
r-release-windows-x86_64 2.3.3 12.00 105.00 117.00 NOTE
r-oldrel-macos-arm64 2.3.3 51.00 OK
r-oldrel-macos-x86_64 2.3.3 80.00 OK
r-oldrel-windows-x86_64 2.3.3 16.00 121.00 137.00 OK

Check Details

Version: 2.3.3
Check: Rd files
Result: NOTE checkRd: (-1) dsm_varprop.Rd:67: Lost braces 67 | parameter uncertainty. See Wood, Pya & S{\"a}fken (2016) for more | ^ checkRd: (-1) dsm_varprop.Rd:100: Lost braces 100 | Wood, S.N., Pya, N. and S{\"a}fken, B. (2016) Smoothing parameter and model | ^ Flavors: r-devel-linux-x86_64-debian-clang, r-devel-linux-x86_64-debian-gcc, r-devel-linux-x86_64-fedora-clang, r-devel-linux-x86_64-fedora-gcc, r-devel-windows-x86_64, r-patched-linux-x86_64, r-release-linux-x86_64, r-release-macos-arm64, r-release-macos-x86_64, r-release-windows-x86_64

Version: 2.3.3
Check: Rd cross-references
Result: NOTE Found the following Rd file(s) with Rd \link{} targets missing package anchors: check.cols.Rd: mrds dsm.cor.Rd: residuals.gam dsm_cor.Rd: residuals.gam dsm_varprop.Rd: gamObject Please provide package anchors for all Rd \link{} targets not in the package itself and the base packages. Flavors: r-devel-linux-x86_64-debian-gcc, r-devel-windows-x86_64