CRAN Package Check Results for Package dstack

Last updated on 2021-05-17 22:56:22 CEST.

Flavor Version Tinstall Tcheck Ttotal Status Flags
r-devel-linux-x86_64-debian-clang 0.2.1 3.52 31.91 35.43 NOTE
r-devel-linux-x86_64-debian-gcc 0.2.1 2.51 24.61 27.12 NOTE
r-devel-linux-x86_64-fedora-clang 0.2.1 53.97 NOTE
r-devel-linux-x86_64-fedora-gcc 0.2.1 39.73 NOTE
r-devel-windows-ix86+x86_64 0.2.1 8.00 48.00 56.00 NOTE
r-devel-windows-x86_64-gcc10-UCRT 0.2.1 NOTE
r-patched-linux-x86_64 0.2.1 3.65 30.33 33.98 NOTE
r-patched-solaris-x86 0.2.1 63.00 NOTE
r-release-linux-x86_64 0.2.1 3.49 29.94 33.43 OK
r-release-macos-x86_64 0.2.1 OK
r-release-windows-ix86+x86_64 0.2.1 7.00 39.00 46.00 OK
r-oldrel-macos-x86_64 0.2.1 OK
r-oldrel-windows-ix86+x86_64 0.2.1 4.00 44.00 48.00 OK

Check Details

Version: 0.2.1
Check: LazyData
Result: NOTE
     'LazyData' is specified without a 'data' directory
Flavors: r-devel-linux-x86_64-debian-clang, r-devel-linux-x86_64-debian-gcc, r-devel-linux-x86_64-fedora-clang, r-devel-linux-x86_64-fedora-gcc, r-devel-windows-ix86+x86_64, r-devel-windows-x86_64-gcc10-UCRT, r-patched-linux-x86_64, r-patched-solaris-x86