Last updated on 2023-11-28 23:04:32 CET.
Flavor | Version | Tinstall | Tcheck | Ttotal | Status | Flags |
---|---|---|---|---|---|---|
r-devel-linux-x86_64-debian-clang | 0.9.2 | 2921.30 | 104.19 | 3025.49 | WARN | |
r-devel-linux-x86_64-debian-gcc | 0.9.2 | 2325.30 | 78.03 | 2403.33 | WARN | |
r-devel-linux-x86_64-fedora-clang | 0.9.2 | 3971.71 | WARN | |||
r-devel-linux-x86_64-fedora-gcc | 0.9.2-1 | 5309.60 | OK | |||
r-devel-windows-x86_64 | 0.9.2 | 1817.00 | 306.00 | 2123.00 | WARN | |
r-patched-linux-x86_64 | 0.9.2 | 2749.75 | 101.29 | 2851.04 | OK | |
r-release-linux-x86_64 | 0.9.2 | 2758.03 | 98.66 | 2856.69 | OK | |
r-release-macos-arm64 | 0.9.2-1 | 916.00 | NOTE | |||
r-release-macos-x86_64 | 0.9.2 | 1135.00 | NOTE | |||
r-release-windows-x86_64 | 0.9.2 | 2091.00 | 420.00 | 2511.00 | NOTE | |
r-oldrel-macos-arm64 | 0.9.2-1 | 869.00 | NOTE | |||
r-oldrel-macos-x86_64 | 0.9.1 | 1630.00 | NOTE | |||
r-oldrel-windows-x86_64 | 0.9.2 | 2821.00 | 367.00 | 3188.00 | NOTE |
Version: 0.9.2
Check: whether package can be installed
Result: WARN
Found the following significant warnings:
../inst/include/cpp11/protect.hpp:332:48: warning: format specifies type 'unsigned int' but the argument has type 'SEXP' (aka 'SEXPREC *') [-Wformat]
../inst/include/cpp11/protect.hpp:332:54: warning: format specifies type 'unsigned int' but the argument has type 'SEXP' (aka 'SEXPREC *') [-Wformat]
../inst/include/cpp11/protect.hpp:332:65: warning: format specifies type 'unsigned int' but the argument has type 'SEXP' (aka 'SEXPREC *') [-Wformat]
../inst/include/cpp11/protect.hpp:332:76: warning: format specifies type 'unsigned int' but the argument has type 'SEXP' (aka 'SEXPREC *') [-Wformat]
See ‘/home/hornik/tmp/R.check/r-devel-clang/Work/PKGS/duckdb.Rcheck/00install.out’ for details.
* used C++ compiler: ‘Debian clang version 17.0.5 (1)’
Flavor: r-devel-linux-x86_64-debian-clang
Version: 0.9.2
Check: whether package can be installed
Result: WARN
Found the following significant warnings:
../inst/include/cpp11/protect.hpp:332:18: warning: format ‘%x’ expects argument of type ‘unsigned int’, but argument 2 has type ‘SEXP’ {aka ‘SEXPREC*’} [-Wformat=]
../inst/include/cpp11/protect.hpp:332:26: warning: format ‘%x’ expects argument of type ‘unsigned int’, but argument 3 has type ‘SEXP’ {aka ‘SEXPREC*’} [-Wformat=]
../inst/include/cpp11/protect.hpp:332:34: warning: format ‘%x’ expects argument of type ‘unsigned int’, but argument 4 has type ‘SEXP’ {aka ‘SEXPREC*’} [-Wformat=]
../inst/include/cpp11/protect.hpp:332:42: warning: format ‘%x’ expects argument of type ‘unsigned int’, but argument 5 has type ‘SEXP’ {aka ‘SEXPREC*’} [-Wformat=]
See ‘/home/hornik/tmp/R.check/r-devel-gcc/Work/PKGS/duckdb.Rcheck/00install.out’ for details.
* used C++ compiler: ‘g++-13 (Debian 13.2.0-5) 13.2.0’
Flavor: r-devel-linux-x86_64-debian-gcc
Version: 0.9.2
Check: whether package can be installed
Result: WARN
Found the following significant warnings:
../inst/include/cpp11/protect.hpp:332:48: warning: format specifies type 'unsigned int' but the argument has type 'SEXP' (aka 'SEXPREC *') [-Wformat]
../inst/include/cpp11/protect.hpp:332:54: warning: format specifies type 'unsigned int' but the argument has type 'SEXP' (aka 'SEXPREC *') [-Wformat]
../inst/include/cpp11/protect.hpp:332:65: warning: format specifies type 'unsigned int' but the argument has type 'SEXP' (aka 'SEXPREC *') [-Wformat]
../inst/include/cpp11/protect.hpp:332:76: warning: format specifies type 'unsigned int' but the argument has type 'SEXP' (aka 'SEXPREC *') [-Wformat]
See ‘/data/gannet/ripley/R/packages/tests-clang/duckdb.Rcheck/00install.out’ for details.
* used C++ compiler: ‘clang version 17.0.5’
Flavor: r-devel-linux-x86_64-fedora-clang
Version: 0.9.2
Check: installed package size
Result: NOTE
installed size is 39.2Mb
sub-directories of 1Mb or more:
libs 38.5Mb
Flavors: r-devel-linux-x86_64-fedora-clang, r-devel-windows-x86_64, r-release-macos-x86_64, r-release-windows-x86_64, r-oldrel-windows-x86_64
Version: 0.9.2
Check: whether package can be installed
Result: WARN
Found the following significant warnings:
../inst/include/cpp11/protect.hpp:332:18: warning: format '%x' expects argument of type 'unsigned int', but argument 2 has type 'SEXP' {aka 'SEXPREC*'} [-Wformat=]
../inst/include/cpp11/protect.hpp:332:26: warning: format '%x' expects argument of type 'unsigned int', but argument 3 has type 'SEXP' {aka 'SEXPREC*'} [-Wformat=]
../inst/include/cpp11/protect.hpp:332:34: warning: format '%x' expects argument of type 'unsigned int', but argument 4 has type 'SEXP' {aka 'SEXPREC*'} [-Wformat=]
../inst/include/cpp11/protect.hpp:332:42: warning: format '%x' expects argument of type 'unsigned int', but argument 5 has type 'SEXP' {aka 'SEXPREC*'} [-Wformat=]
See 'd:/Rcompile/CRANpkg/local/4.4/duckdb.Rcheck/00install.out' for details.
* used C++ compiler: 'g++.exe (GCC) 12.3.0'
Flavor: r-devel-windows-x86_64
Version: 0.9.2-1
Check: installed package size
Result: NOTE
installed size is 327.7Mb
sub-directories of 1Mb or more:
libs 327.1Mb
Flavors: r-release-macos-arm64, r-oldrel-macos-arm64
Version: 0.9.1
Check: installed package size
Result: NOTE
installed size is 330.6Mb
sub-directories of 1Mb or more:
libs 330.0Mb
Flavor: r-oldrel-macos-x86_64