Last updated on 2023-06-06 23:09:52 CEST.
Flavor | Version | Tinstall | Tcheck | Ttotal | Status | Flags |
---|---|---|---|---|---|---|
r-devel-linux-x86_64-debian-clang | 0.8.0 | 2629.66 | 97.90 | 2727.56 | OK | |
r-devel-linux-x86_64-debian-gcc | 0.8.0 | 2316.73 | 74.38 | 2391.11 | OK | |
r-devel-linux-x86_64-fedora-clang | 0.8.0 | 3762.20 | NOTE | |||
r-devel-linux-x86_64-fedora-gcc | 0.8.0 | 4623.23 | OK | |||
r-devel-windows-x86_64 | 0.8.0 | 1655.00 | 317.00 | 1972.00 | NOTE | |
r-patched-linux-x86_64 | 0.8.0 | 2600.70 | 93.71 | 2694.41 | OK | |
r-release-linux-x86_64 | 0.8.0 | 2491.75 | 93.09 | 2584.84 | OK | |
r-release-macos-arm64 | 0.8.0 | 1073.00 | NOTE | |||
r-release-macos-x86_64 | 0.7.1-1 | 1538.00 | NOTE | |||
r-release-windows-x86_64 | 0.8.0 | 1856.00 | 420.00 | 2276.00 | NOTE | |
r-oldrel-macos-arm64 | 0.8.0 | 1061.00 | NOTE | |||
r-oldrel-macos-x86_64 | 0.8.0 | 1063.00 | NOTE | |||
r-oldrel-windows-x86_64 | 0.8.0 | 2525.00 | 357.00 | 2882.00 | NOTE |
Version: 0.8.0
Check: installed package size
Result: NOTE
installed size is 37.2Mb
sub-directories of 1Mb or more:
libs 36.5Mb
Flavors: r-devel-linux-x86_64-fedora-clang, r-devel-windows-x86_64, r-release-macos-arm64, r-release-windows-x86_64, r-oldrel-macos-arm64, r-oldrel-macos-x86_64, r-oldrel-windows-x86_64
Version: 0.8.0
Check: dependencies in R code
Result: NOTE
#STDOFF 2:05:08.9
#STDOFF 8:05:43.2
#STDOFF 7:36:41.7
#STDOFF -0:25:21.1
#STDOFF 1:39:49.2
#STDOFF -0:36:44.68
#STDOFF -4:56:01.6
#STDOFF -3:58:29.2
#STDOFF -4:19:18.3
#STDOFF -5:36:13.3
#STDOFF -4:56:16.4
#STDOFF 2:05:08.9
#STDOFF 8:05:43.2
#STDOFF 7:36:41.7
#STDOFF -0:25:21.1
#STDOFF 1:39:49.2
#STDOFF -0:36:44.68
#STDOFF -4:56:01.6
#STDOFF -3:58:29.2
#STDOFF -4:19:18.3
#STDOFF -5:36:13.3
#STDOFF -4:56:16.4
Flavors: r-devel-windows-x86_64, r-release-windows-x86_64, r-oldrel-windows-x86_64
Version: 0.7.1-1
Check: installed package size
Result: NOTE
installed size is 296.0Mb
sub-directories of 1Mb or more:
libs 295.4Mb
Flavor: r-release-macos-x86_64