Last updated on 2023-09-29 21:53:52 CEST.
Flavor | Version | Tinstall | Tcheck | Ttotal | Status | Flags |
---|---|---|---|---|---|---|
r-devel-linux-x86_64-debian-clang | 1.0.1 | 4.72 | 30.05 | 34.77 | OK | |
r-devel-linux-x86_64-debian-gcc | 1.0.1 | 3.16 | 23.57 | 26.73 | OK | |
r-devel-linux-x86_64-fedora-clang | 1.0.1 | 44.12 | NOTE | |||
r-devel-linux-x86_64-fedora-gcc | 1.0.1 | 44.09 | NOTE | |||
r-devel-windows-x86_64 | 1.0.1 | 6.00 | 44.00 | 50.00 | OK | |
r-patched-linux-x86_64 | 1.0.1 | 3.03 | 29.22 | 32.25 | OK | |
r-release-linux-x86_64 | 1.0.1 | 2.83 | 29.32 | 32.15 | OK | |
r-release-macos-arm64 | 1.0.1 | 18.00 | OK | |||
r-release-macos-x86_64 | 1.0.1 | 29.00 | NOTE | |||
r-release-windows-x86_64 | 1.0.1 | 7.00 | 47.00 | 54.00 | OK | |
r-oldrel-macos-arm64 | 1.0.1 | 20.00 | NOTE | |||
r-oldrel-macos-x86_64 | 1.0.1 | 26.00 | NOTE | |||
r-oldrel-windows-x86_64 | 1.0.1 | 8.00 | 48.00 | 56.00 | OK |
Version: 1.0.1
Check: dependencies in R code
Result: NOTE
Namespaces in Imports field not imported from:
‘NatureSounds’ ‘av’ ‘magrittr’ ‘stats’
All declared Imports should be used.
Flavors: r-devel-linux-x86_64-fedora-clang, r-devel-linux-x86_64-fedora-gcc, r-oldrel-macos-arm64, r-oldrel-macos-x86_64
Version: 1.0.1
Check: Rd cross-references
Result: NOTE
Undeclared package ‘warbleR’ in Rd xrefs
Flavor: r-devel-linux-x86_64-fedora-clang
Version: 1.0.1
Check: Rd cross-references
Result: NOTE
Package unavailable to check Rd xrefs: ‘warbleR’
Flavor: r-release-macos-x86_64