CRAN Package Check Results for Package dynamichazard

Last updated on 2021-10-23 22:57:46 CEST.

Flavor Version Tinstall Tcheck Ttotal Status Flags
r-devel-linux-x86_64-debian-clang 1.0.1 575.15 217.03 792.18 OK
r-devel-linux-x86_64-debian-gcc 1.0.1 438.17 163.19 601.36 OK
r-devel-linux-x86_64-fedora-clang 1.0.1 1227.18 NOTE
r-devel-linux-x86_64-fedora-gcc 1.0.1 1137.35 OK
r-devel-windows-x86_64 1.0.1 753.00 322.00 1075.00 NOTE
r-devel-windows-x86_64-gcc10-UCRT 1.0.1 OK
r-patched-linux-x86_64 1.0.1 533.82 215.99 749.81 OK
r-patched-solaris-x86 1.0.1 884.40 NOTE
r-release-linux-x86_64 1.0.1 530.79 215.75 746.54 OK
r-release-macos-arm64 1.0.0 NOTE
r-release-macos-x86_64 1.0.1 NOTE
r-release-windows-ix86+x86_64 1.0.1 1068.00 465.00 1533.00 NOTE
r-oldrel-macos-x86_64 1.0.1 NOTE
r-oldrel-windows-ix86+x86_64 1.0.1 1075.00 333.00 1408.00 NOTE

Check Details

Version: 1.0.1
Check: installed package size
Result: NOTE
     installed size is 30.8Mb
     sub-directories of 1Mb or more:
     data 4.2Mb
     doc 1.7Mb
     libs 24.4Mb
Flavors: r-devel-linux-x86_64-fedora-clang, r-devel-windows-x86_64, r-patched-solaris-x86, r-release-macos-x86_64, r-release-windows-ix86+x86_64, r-oldrel-macos-x86_64, r-oldrel-windows-ix86+x86_64

Version: 1.0.0
Check: installed package size
Result: NOTE
     installed size is 38.1Mb
     sub-directories of 1Mb or more:
     data 5.1Mb
     doc 1.7Mb
     libs 30.8Mb
Flavor: r-release-macos-arm64