CRAN Package Check Results for Package dynfrail

Last updated on 2020-02-21 22:51:05 CET.

Flavor Version Tinstall Tcheck Ttotal Status Flags
r-devel-linux-x86_64-debian-clang 0.5.2 37.36 218.68 256.04 NOTE
r-devel-linux-x86_64-debian-gcc 0.5.2 25.87 161.07 186.94 NOTE
r-devel-linux-x86_64-fedora-clang 0.5.2 310.53 NOTE
r-devel-linux-x86_64-fedora-gcc 0.5.2 303.12 NOTE
r-devel-windows-ix86+x86_64 0.5.2 70.00 311.00 381.00 NOTE
r-devel-windows-ix86+x86_64-gcc8 0.5.2 101.00 400.00 501.00 NOTE
r-patched-linux-x86_64 0.5.2 NOTE
r-patched-solaris-x86 0.5.2 507.90 OK
r-release-linux-x86_64 0.5.2 30.17 196.20 226.37 NOTE
r-release-windows-ix86+x86_64 0.5.2 73.00 332.00 405.00 OK
r-release-osx-x86_64 0.5.2 OK
r-oldrel-windows-ix86+x86_64 0.5.2 57.00 334.00 391.00 OK
r-oldrel-osx-x86_64 0.5.2 OK

Check Details

Version: 0.5.2
Check: use of SHLIB_OPENMP_*FLAGS in Makefiles
Result: NOTE
     src/Makevars: SHLIB_OPENMP_CXXFLAGS is included in PKG_CXXFLAGS but not in PKG_LIBS
     src/Makevars: SHLIB_OPENMP_CFLAGS is included in PKG_LIBS but linking is by C++
     src/Makevars.win: SHLIB_OPENMP_CXXFLAGS is included in PKG_CXXFLAGS but not in PKG_LIBS
     src/Makevars.win: SHLIB_OPENMP_CFLAGS is included in PKG_LIBS but linking is by C++
    Use of these macros is discussed in sect 1.2.1.1 of 'Writing R
    Extensions'. The macros for different languages may differ so the
    matching macro must be used in PKG_CXXFLAGS (etc) and match that used
    in PKG_LIBS (except for Fortran: see the manual).
Flavors: r-devel-linux-x86_64-debian-clang, r-devel-linux-x86_64-debian-gcc, r-devel-linux-x86_64-fedora-clang, r-devel-linux-x86_64-fedora-gcc, r-patched-linux-x86_64, r-release-linux-x86_64

Version: 0.5.2
Check: package vignettes
Result: NOTE
    Package vignette with placeholder title 'Vignette Title':
     'vignette.Rmd'
Flavors: r-devel-linux-x86_64-debian-clang, r-devel-linux-x86_64-debian-gcc, r-devel-windows-ix86+x86_64, r-devel-windows-ix86+x86_64-gcc8