Last updated on 2024-04-19 22:55:43 CEST.
Flavor | Version | Tinstall | Tcheck | Ttotal | Status | Flags |
---|---|---|---|---|---|---|
r-devel-linux-x86_64-debian-clang | 2.0 | 34.56 | 48.76 | 83.32 | OK | |
r-devel-linux-x86_64-debian-gcc | 2.0 | OK | ||||
r-devel-linux-x86_64-fedora-clang | 2.0 | 116.39 | NOTE | |||
r-devel-linux-x86_64-fedora-gcc | 2.0 | 112.17 | OK | |||
r-prerel-macos-arm64 | 2.0 | 32.00 | OK | |||
r-prerel-windows-x86_64 | 2.0 | 29.00 | 80.00 | 109.00 | OK | |
r-patched-linux-x86_64 | 2.0 | 34.18 | 44.75 | 78.93 | OK | |
r-release-linux-x86_64 | 2.0 | 36.19 | 46.47 | 82.66 | OK | |
r-release-macos-arm64 | 2.0 | 40.00 | OK | |||
r-release-macos-x86_64 | 2.0 | 93.00 | OK | |||
r-release-windows-x86_64 | 2.0 | 38.00 | 89.00 | 127.00 | OK | |
r-oldrel-macos-arm64 | 2.0 | 40.00 | OK | |||
r-oldrel-windows-x86_64 | 2.0 | 36.00 | 91.00 | 127.00 | OK |
Version: 2.0
Check: Rd cross-references
Result: NOTE
Undeclared package ‘CausalImpact’ in Rd xrefs
Flavor: r-devel-linux-x86_64-fedora-clang