CRAN Package Check Results for Package dynr

Last updated on 2019-10-22 22:49:09 CEST.

Flavor Version Tinstall Tcheck Ttotal Status Flags
r-devel-linux-x86_64-debian-clang 0.1.15-1 33.57 200.64 234.21 OK
r-devel-linux-x86_64-debian-gcc 0.1.15-1 24.33 158.94 183.27 OK
r-devel-linux-x86_64-fedora-clang 0.1.15-1 306.94 NOTE
r-devel-linux-x86_64-fedora-gcc 0.1.15-1 296.76 NOTE
r-devel-windows-ix86+x86_64 0.1.15-1 83.00 330.00 413.00 NOTE
r-patched-linux-x86_64 0.1.15-1 28.07 198.67 226.74 OK
r-patched-solaris-x86 0.1.15-1 395.10 NOTE
r-release-linux-x86_64 0.1.15-1 27.25 198.41 225.66 OK
r-release-windows-ix86+x86_64 0.1.15-1 122.00 237.00 359.00 NOTE
r-release-osx-x86_64 0.1.15-1 NOTE
r-oldrel-windows-ix86+x86_64 0.1.15-1 103.00 344.00 447.00 NOTE
r-oldrel-osx-x86_64 0.1.15-1 NOTE

Check Details

Version: 0.1.15-1
Check: installed package size
Result: NOTE
     installed size is 6.2Mb
     sub-directories of 1Mb or more:
     data 3.1Mb
     doc 1.5Mb
Flavors: r-devel-linux-x86_64-fedora-clang, r-devel-windows-ix86+x86_64, r-patched-solaris-x86, r-release-windows-ix86+x86_64, r-release-osx-x86_64, r-oldrel-windows-ix86+x86_64, r-oldrel-osx-x86_64

Version: 0.1.15-1
Check: dependencies in R code
Result: NOTE
    Namespace in Imports field not imported from: ‘Rdpack’
     All declared Imports should be used.
Flavors: r-devel-linux-x86_64-fedora-clang, r-devel-linux-x86_64-fedora-gcc, r-patched-solaris-x86, r-release-osx-x86_64, r-oldrel-osx-x86_64