CRAN Package Check Results for Package dynr

Last updated on 2019-07-17 22:54:28 CEST.

Flavor Version Tinstall Tcheck Ttotal Status Flags
r-devel-linux-x86_64-debian-clang 0.1.14-9 29.99 163.33 193.32 OK
r-devel-linux-x86_64-debian-gcc 0.1.14-9 23.57 125.73 149.30 OK
r-devel-linux-x86_64-fedora-clang 0.1.14-9 253.35 NOTE
r-devel-linux-x86_64-fedora-gcc 0.1.14-9 262.34 NOTE
r-devel-windows-ix86+x86_64 0.1.14-9 93.00 797.00 890.00 OK
r-patched-linux-x86_64 0.1.14-9 25.72 159.48 185.20 OK
r-patched-solaris-x86 0.1.14-9 329.70 WARN
r-release-linux-x86_64 0.1.14-9 23.00 158.71 181.71 OK
r-release-windows-ix86+x86_64 0.1.14-9 38.00 5.00 43.00 ERROR
r-release-osx-x86_64 0.1.14-9 NOTE
r-oldrel-windows-ix86+x86_64 0.1.14-9 55.00 286.00 341.00 OK
r-oldrel-osx-x86_64 0.1.14-9 NOTE

Additional issues

LTO

Check Details

Version: 0.1.14-9
Check: dependencies in R code
Result: NOTE
    Namespace in Imports field not imported from: ‘Rdpack’
     All declared Imports should be used.
Flavors: r-devel-linux-x86_64-fedora-clang, r-devel-linux-x86_64-fedora-gcc, r-patched-solaris-x86, r-release-osx-x86_64, r-oldrel-osx-x86_64

Version: 0.1.14-9
Check: re-building of vignette outputs
Result: WARN
    Error(s) in re-building vignettes:
     ...
    --- re-building ‘linearSDE.Rmd’ using rmarkdown
    Warning in engine$weave(file, quiet = quiet, encoding = enc) :
     Pandoc (>= 1.12.3) and/or pandoc-citeproc not available. Falling back to R Markdown v1.
    /home/ripley/developerstudio12.6/bin/cc -xc99 -I"/home/ripley/R/cc/include" -DNDEBUG -I/usr/local/include -I/usr/local/include -KPIC -O -xlibmieee -xlibmil -xtarget=native -xcache=generic -nofstore -c LinearSDE.c -o LinearSDE.o
    /home/ripley/developerstudio12.6/bin/cc -xc99 -G -L/usr/local/lib -o LinearSDE.so LinearSDE.o -L/usr/local/lib -lgsl -lgslcblas -lm
    --- finished re-building ‘linearSDE.Rmd’
    
    --- re-building ‘InstallationForDevelopers.Rnw’ using Sweave
    --- finished re-building ‘InstallationForDevelopers.Rnw’
    
    --- re-building ‘InstallationForUsers.Rnw’ using Sweave
    --- finished re-building ‘InstallationForUsers.Rnw’
    
    --- re-building ‘LinearDiscreteTimeModels.Rnw’ using Sweave
    Error: processing vignette 'LinearDiscreteTimeModels.Rnw' failed with diagnostics:
    Running 'texi2dvi' on 'LinearDiscreteTimeModels.tex' failed.
    Messages:
    /usr/local/bin/texi2dvi: line 411: 28033 Killed "$@" 2>&5 1>&2
    /usr/local/bin/texi2dvi: biber failed
    --- failed re-building ‘LinearDiscreteTimeModels.Rnw’
    
    --- re-building ‘NonlinearContinuousTimeModels.Rnw’ using Sweave
    Error: processing vignette 'NonlinearContinuousTimeModels.Rnw' failed with diagnostics:
    Running 'texi2dvi' on 'NonlinearContinuousTimeModels.tex' failed.
    Messages:
    /usr/local/bin/texi2dvi: line 411: 383 Killed "$@" 2>&5 1>&2
    /usr/local/bin/texi2dvi: biber failed
    --- failed re-building ‘NonlinearContinuousTimeModels.Rnw’
    
    SUMMARY: processing the following files failed:
     ‘LinearDiscreteTimeModels.Rnw’ ‘NonlinearContinuousTimeModels.Rnw’
    
    Error: Vignette re-building failed.
    Execution halted
Flavor: r-patched-solaris-x86

Version: 0.1.14-9
Check: whether package can be installed
Result: ERROR
    Installation failed.
Flavor: r-release-windows-ix86+x86_64

Version: 0.1.14-9
Check: installed package size
Result: NOTE
     installed size is 6.5Mb
     sub-directories of 1Mb or more:
     data 1.3Mb
     doc 1.4Mb
     libs 2.9Mb
Flavors: r-release-osx-x86_64, r-oldrel-osx-x86_64