Last updated on 2024-04-17 22:59:50 CEST.
Flavor | Version | Tinstall | Tcheck | Ttotal | Status | Flags |
---|---|---|---|---|---|---|
r-devel-linux-x86_64-debian-clang | 1.2.3 | 5.04 | 52.61 | 57.65 | NOTE | |
r-devel-linux-x86_64-debian-gcc | 1.2.3 | 4.47 | 40.07 | 44.54 | NOTE | |
r-devel-linux-x86_64-fedora-clang | 1.2.3 | 74.12 | NOTE | |||
r-devel-linux-x86_64-fedora-gcc | 1.2.3 | 68.60 | NOTE | |||
r-prerel-macos-arm64 | 1.2.3 | 26.00 | NOTE | |||
r-prerel-windows-x86_64 | 1.2.3 | 6.00 | 57.00 | 63.00 | NOTE | |
r-patched-linux-x86_64 | 1.2.3 | 10.22 | 50.99 | 61.21 | NOTE | |
r-release-linux-x86_64 | 1.2.3 | 4.23 | 51.47 | 55.70 | OK | |
r-release-macos-arm64 | 1.2.3 | 27.00 | OK | |||
r-release-macos-x86_64 | 1.2.3 | 37.00 | OK | |||
r-release-windows-x86_64 | 1.2.3 | 7.00 | 63.00 | 70.00 | OK | |
r-oldrel-macos-arm64 | 1.2.3 | 24.00 | OK | |||
r-oldrel-windows-x86_64 | 1.2.3 | 7.00 | 71.00 | 78.00 | OK |
Version: 1.2.3
Check: Rd files
Result: NOTE
checkRd: (-1) dynsim.Rd:48: Lost braces in \itemize; \value handles \item{}{} directly
checkRd: (-1) dynsim.Rd:49: Lost braces in \itemize; \value handles \item{}{} directly
checkRd: (-1) dynsim.Rd:50-51: Lost braces in \itemize; \value handles \item{}{} directly
checkRd: (-1) dynsim.Rd:52: Lost braces in \itemize; \value handles \item{}{} directly
checkRd: (-1) dynsim.Rd:53-54: Lost braces in \itemize; \value handles \item{}{} directly
checkRd: (-1) dynsim.Rd:55-56: Lost braces in \itemize; \value handles \item{}{} directly
checkRd: (-1) dynsim.Rd:57-58: Lost braces in \itemize; \value handles \item{}{} directly
checkRd: (-1) dynsim.Rd:59-60: Lost braces in \itemize; \value handles \item{}{} directly
Flavors: r-devel-linux-x86_64-debian-clang, r-devel-linux-x86_64-debian-gcc, r-devel-linux-x86_64-fedora-clang, r-devel-linux-x86_64-fedora-gcc, r-prerel-macos-arm64, r-prerel-windows-x86_64, r-patched-linux-x86_64