CRAN Package Check Results for Package dynutils

Last updated on 2019-07-21 22:49:53 CEST.

Flavor Version Tinstall Tcheck Ttotal Status Flags
r-devel-linux-x86_64-debian-clang 1.0.3 27.07 125.76 152.83 OK
r-devel-linux-x86_64-debian-gcc 1.0.3 22.91 98.19 121.10 OK
r-devel-linux-x86_64-fedora-clang 1.0.3 194.90 NOTE
r-devel-linux-x86_64-fedora-gcc 1.0.3 200.41 NOTE
r-devel-windows-ix86+x86_64 1.0.3 53.00 326.00 379.00 OK
r-patched-linux-x86_64 1.0.3 25.23 121.03 146.26 OK
r-patched-solaris-x86 1.0.3 240.50 ERROR
r-release-linux-x86_64 1.0.3 25.09 123.89 148.98 OK
r-release-windows-ix86+x86_64 1.0.3 51.00 167.00 218.00 OK
r-release-osx-x86_64 1.0.3 NOTE
r-oldrel-windows-ix86+x86_64 1.0.3 67.00 210.00 277.00 OK
r-oldrel-osx-x86_64 1.0.3 NOTE

Check Details

Version: 1.0.3
Check: dependencies in R code
Result: NOTE
    Namespace in Imports field not imported from: ‘desc’
     All declared Imports should be used.
Flavors: r-devel-linux-x86_64-fedora-clang, r-devel-linux-x86_64-fedora-gcc, r-patched-solaris-x86, r-release-osx-x86_64, r-oldrel-osx-x86_64

Version: 1.0.3
Check: tests
Result: ERROR
     Running ‘testthat.R’ [60s/48s]
    Running the tests in ‘tests/testthat.R’ failed.
    Complete output:
     > library(testthat)
     >
     > test_check("dynutils")
     Loading required package: dynutils
    
     Attaching package: 'dynutils'
    
     The following object is masked from 'package:testthat':
    
     has_names
    
     ── 1. Error: write_h5 and read_h5 works (@test-h5.R#9) ────────────────────────
     HDF5-API H5F.c in H5Fcreate(): line 444: unable to create file
     class: HDF5
     major: File accessibilty
     minor: Unable to open file
    
     error #001: H5Fint.c in H5F__create(): line 1364: unable to open file
     class: HDF5
     major: File accessibilty
     minor: Unable to open file
    
     error #002: H5Fint.c in H5F_open(): line 1615: unable to lock the file
     class: HDF5
     major: File accessibilty
     minor: Unable to open file
    
     error #003: H5FD.c in H5FD_lock(): line 1640: driver lock request failed
     class: HDF5
     major: Virtual File Layer
     minor: Can't update object
    
     error #004: H5FDsec2.c in H5FD_sec2_lock(): line 941: unable to lock file, errno = 14, error message = 'Bad address'
     class: HDF5
     major: File accessibilty
     minor: Bad file ID accessed
     1: write_h5(obj, file) at testthat/test-h5.R:9
     2: hdf5r::H5File$new(path, "w")
     3: .subset2(public_bind_env, "initialize")(...)
     4: H5File.open(filename, mode, file_create_pl, file_access_pl)
    
     ❌ Unable to write hdf5 files
     ── 2. Error: test_h5_installation works (@test-h5.R#17) ───────────────────────
     HDF5-API H5F.c in H5Fcreate(): line 444: unable to create file
     class: HDF5
     major: File accessibilty
     minor: Unable to open file
    
     error #001: H5Fint.c in H5F__create(): line 1364: unable to open file
     class: HDF5
     major: File accessibilty
     minor: Unable to open file
    
     error #002: H5Fint.c in H5F_open(): line 1615: unable to lock the file
     class: HDF5
     major: File accessibilty
     minor: Unable to open file
    
     error #003: H5FD.c in H5FD_lock(): line 1640: driver lock request failed
     class: HDF5
     major: Virtual File Layer
     minor: Can't update object
    
     error #004: H5FDsec2.c in H5FD_sec2_lock(): line 941: unable to lock file, errno = 14, error message = 'Bad address'
     class: HDF5
     major: File accessibilty
     minor: Bad file ID accessed
     1: expect_true(test_h5_installation()) at testthat/test-h5.R:17
     2: quasi_label(enquo(object), label, arg = "object")
     3: eval_bare(get_expr(quo), get_env(quo))
     4: test_h5_installation()
     5: test_h5_installation_write(detailed, obj)
     6: tryCatch(write_h5(obj, file), error = function(e) {
     paste0("\u274c Unable to write hdf5 files\n") %>% crayon::red() %>% cat()
     stop(e)
     })
     7: tryCatchList(expr, classes, parentenv, handlers)
     8: tryCatchOne(expr, names, parentenv, handlers[[1L]])
     9: value[[3L]](cond)
    
     ── 3. Error: errors gracefully (@test-h5.R#39) ────────────────────────────────
     HDF5-API H5F.c in H5Fcreate(): line 444: unable to create file
     class: HDF5
     major: File accessibilty
     minor: Unable to open file
    
     error #001: H5Fint.c in H5F__create(): line 1364: unable to open file
     class: HDF5
     major: File accessibilty
     minor: Unable to open file
    
     error #002: H5Fint.c in H5F_open(): line 1615: unable to lock the file
     class: HDF5
     major: File accessibilty
     minor: Unable to open file
    
     error #003: H5FD.c in H5FD_lock(): line 1640: driver lock request failed
     class: HDF5
     major: Virtual File Layer
     minor: Can't update object
    
     error #004: H5FDsec2.c in H5FD_sec2_lock(): line 941: unable to lock file, errno = 14, error message = 'Bad address'
     class: HDF5
     major: File accessibilty
     minor: Bad file ID accessed
     1: hdf5r::H5File$new(file, mode = "w") at testthat/test-h5.R:39
     2: .subset2(public_bind_env, "initialize")(...)
     3: H5File.open(filename, mode, file_create_pl, file_access_pl)
    
     ══ testthat results ═══════════════════════════════════════════════════════════
     OK: 408 SKIPPED: 1 WARNINGS: 2 FAILED: 3
     1. Error: write_h5 and read_h5 works (@test-h5.R#9)
     2. Error: test_h5_installation works (@test-h5.R#17)
     3. Error: errors gracefully (@test-h5.R#39)
    
     Error: testthat unit tests failed
     Execution halted
Flavor: r-patched-solaris-x86