Last updated on 2022-07-06 21:53:39 CEST.
Flavor | Version | Tinstall | Tcheck | Ttotal | Status | Flags |
---|---|---|---|---|---|---|
r-devel-linux-x86_64-debian-clang | 0.4.2 | 12.09 | 101.38 | 113.47 | OK | |
r-devel-linux-x86_64-debian-gcc | 0.4.2 | 9.72 | 71.81 | 81.53 | OK | |
r-devel-linux-x86_64-fedora-clang | 0.4.2 | 141.52 | WARN | |||
r-devel-linux-x86_64-fedora-gcc | 0.4.2 | 142.57 | WARN | |||
r-devel-windows-x86_64 | 0.4.2 | 24.00 | 124.00 | 148.00 | OK | |
r-patched-linux-x86_64 | 0.4.2 | 12.30 | 94.46 | 106.76 | OK | |
r-release-linux-x86_64 | 0.4.2 | 9.56 | 96.32 | 105.88 | OK | |
r-release-macos-arm64 | 0.4.2 | 45.00 | OK | |||
r-release-macos-x86_64 | 0.4.2 | 57.00 | OK | |||
r-release-windows-x86_64 | 0.4.2 | 27.00 | 131.00 | 158.00 | OK | |
r-oldrel-macos-arm64 | 0.4.2 | 33.00 | OK | |||
r-oldrel-macos-x86_64 | 0.4.2 | 51.00 | OK | |||
r-oldrel-windows-ix86+x86_64 | 0.4.2 | 24.00 | 124.00 | 148.00 | OK |
Version: 0.4.2
Check: package dependencies
Result: WARN
Requires orphaned package: ‘gtools’
Flavors: r-devel-linux-x86_64-fedora-clang, r-devel-linux-x86_64-fedora-gcc