Last updated on 2024-03-27 22:57:43 CET.
Flavor | Version | Tinstall | Tcheck | Ttotal | Status | Flags |
---|---|---|---|---|---|---|
r-devel-linux-x86_64-debian-clang | 1.4 | 50.34 | 447.93 | 498.27 | OK | |
r-devel-linux-x86_64-debian-gcc | 1.4 | 39.29 | 333.32 | 372.61 | OK | |
r-devel-linux-x86_64-fedora-clang | 1.4 | 683.95 | OK | |||
r-devel-linux-x86_64-fedora-gcc | 1.4 | 663.31 | OK | |||
r-devel-windows-x86_64 | 1.4 | 41.00 | 293.00 | 334.00 | OK | |
r-patched-linux-x86_64 | 1.4 | 38.63 | 432.64 | 471.27 | OK | |
r-release-linux-x86_64 | 1.4 | 49.14 | 436.03 | 485.17 | OK | |
r-release-macos-arm64 | 1.4 | 168.00 | OK | |||
r-release-macos-x86_64 | 1.4 | 345.00 | OK | |||
r-release-windows-x86_64 | 1.4 | 58.00 | 389.00 | 447.00 | OK | |
r-oldrel-macos-arm64 | 1.4 | 11.00 | ERROR | |||
r-oldrel-windows-x86_64 | 1.4 | 51.00 | 353.00 | 404.00 | OK |
Version: 1.4
Check: package dependencies
Result: ERROR
Package required but not available: ‘diffcoexp’
See section ‘The DESCRIPTION file’ in the ‘Writing R Extensions’
manual.
Flavor: r-oldrel-macos-arm64