CRAN Package Check Results for Package easyPSID

Last updated on 2020-02-22 22:47:45 CET.

Flavor Version Tinstall Tcheck Ttotal Status Flags
r-devel-linux-x86_64-debian-clang 0.1.1 5.09 36.71 41.80 OK
r-devel-linux-x86_64-debian-gcc 0.1.1 3.82 29.11 32.93 OK
r-devel-linux-x86_64-fedora-clang 0.1.1 52.77 OK
r-devel-linux-x86_64-fedora-gcc 0.1.1 50.71 OK
r-devel-windows-ix86+x86_64 0.1.0 9.00 47.00 56.00 OK
r-devel-windows-ix86+x86_64-gcc8 0.1.1 6.00 7.00 13.00 ERROR
r-patched-linux-x86_64 0.1.1 OK
r-patched-solaris-x86 0.1.1 79.70 OK
r-release-linux-x86_64 0.1.1 4.20 35.01 39.21 OK
r-release-windows-ix86+x86_64 0.1.1 8.00 49.00 57.00 OK
r-release-osx-x86_64 0.1.1 OK
r-oldrel-windows-ix86+x86_64 0.1.1 7.00 51.00 58.00 OK
r-oldrel-osx-x86_64 0.1.1 OK

Check Details

Version: 0.1.1
Check: whether package can be installed
Result: ERROR
    Installation failed.
Flavor: r-devel-windows-ix86+x86_64-gcc8