CRAN Package Check Results for Package easyr

Last updated on 2024-07-16 22:48:33 CEST.

Flavor Version Tinstall Tcheck Ttotal Status Flags
r-devel-linux-x86_64-debian-clang 0.5-11 7.24 67.59 74.83 OK
r-devel-linux-x86_64-debian-gcc 0.5-11 5.15 48.82 53.97 OK
r-devel-linux-x86_64-fedora-clang 0.5-11 94.88 NOTE
r-devel-linux-x86_64-fedora-gcc 0.5-11 101.01 NOTE
r-devel-windows-x86_64 0.5-11 7.00 87.00 94.00 OK
r-patched-linux-x86_64 0.5-11 8.26 62.83 71.09 OK
r-release-linux-x86_64 0.5-11 3.86 63.06 66.92 OK
r-release-macos-arm64 0.5-11 38.00 OK
r-release-macos-x86_64 0.5-11 67.00 OK
r-release-windows-x86_64 0.5-11 6.00 88.00 94.00 OK
r-oldrel-macos-arm64 0.5-11 37.00 OK
r-oldrel-macos-x86_64 0.5-11 47.00 NOTE
r-oldrel-windows-x86_64 0.5-11 10.00 96.00 106.00 OK

Check Details

Version: 0.5-11
Check: dependencies in R code
Result: NOTE Namespace in Imports field not imported from: ‘rprojroot’ All declared Imports should be used. Flavors: r-devel-linux-x86_64-fedora-clang, r-devel-linux-x86_64-fedora-gcc

Version: 0.5-11
Check: package dependencies
Result: NOTE Package suggested but not available for checking: ‘qs’ Flavor: r-oldrel-macos-x86_64