Last updated on 2023-09-25 22:12:37 CEST.
Flavor | Version | Tinstall | Tcheck | Ttotal | Status | Flags |
---|---|---|---|---|---|---|
r-devel-linux-x86_64-debian-clang | 0.5-11 | 5.38 | 67.05 | 72.43 | OK | |
r-devel-linux-x86_64-debian-gcc | 0.5-11 | 4.89 | 50.37 | 55.26 | OK | |
r-devel-linux-x86_64-fedora-clang | 0.5-11 | 89.63 | NOTE | |||
r-devel-linux-x86_64-fedora-gcc | 0.5-11 | 104.51 | NOTE | |||
r-devel-windows-x86_64 | 0.5-11 | 8.00 | 88.00 | 96.00 | OK | |
r-patched-linux-x86_64 | 0.5-11 | 7.25 | 64.07 | 71.32 | OK | |
r-release-linux-x86_64 | 0.5-11 | 3.95 | 64.02 | 67.97 | OK | |
r-release-macos-arm64 | 0.5-11 | 37.00 | OK | |||
r-release-macos-x86_64 | 0.5-11 | 47.00 | NOTE | |||
r-release-windows-x86_64 | 0.5-11 | 8.00 | 100.00 | 108.00 | OK | |
r-oldrel-macos-arm64 | 0.5-11 | 25.00 | OK | |||
r-oldrel-macos-x86_64 | 0.5-11 | 49.00 | OK | |||
r-oldrel-windows-x86_64 | 0.5-11 | 10.00 | 88.00 | 98.00 | OK |
Version: 0.5-11
Check: dependencies in R code
Result: NOTE
Namespace in Imports field not imported from: ‘rprojroot’
All declared Imports should be used.
Flavors: r-devel-linux-x86_64-fedora-clang, r-devel-linux-x86_64-fedora-gcc
Version: 0.5-11
Check: package dependencies
Result: NOTE
Package suggested but not available for checking: ‘qs’
Flavor: r-release-macos-x86_64