Last updated on 2024-03-28 23:01:43 CET.
Flavor | Version | Tinstall | Tcheck | Ttotal | Status | Flags |
---|---|---|---|---|---|---|
r-devel-linux-x86_64-debian-clang | 1.1.0 | 8.66 | 163.57 | 172.23 | NOTE | |
r-devel-linux-x86_64-debian-gcc | 1.1.0 | 8.65 | 122.54 | 131.19 | NOTE | |
r-devel-linux-x86_64-fedora-clang | 1.1.0 | 213.78 | NOTE | |||
r-devel-linux-x86_64-fedora-gcc | 1.1.0 | 224.18 | NOTE | |||
r-devel-windows-x86_64 | 1.1.0 | 10.00 | 152.00 | 162.00 | NOTE | |
r-patched-linux-x86_64 | 1.1.0 | 7.85 | 162.23 | 170.08 | NOTE | |
r-release-linux-x86_64 | 1.1.0 | 6.65 | 161.43 | 168.08 | OK | |
r-release-macos-arm64 | 1.1.0 | 73.00 | OK | |||
r-release-macos-x86_64 | 1.1.0 | 183.00 | OK | |||
r-release-windows-x86_64 | 1.1.0 | 14.00 | 183.00 | 197.00 | OK | |
r-oldrel-macos-arm64 | 1.1.0 | 65.00 | OK | |||
r-oldrel-windows-x86_64 | 1.1.0 | 13.00 | 169.00 | 182.00 | OK |
Version: 1.1.0
Check: Rd files
Result: NOTE
checkRd: (-1) write_spss.Rd:31: Lost braces in \itemize; meant \describe ?
checkRd: (-1) write_spss.Rd:32-33: Lost braces in \itemize; meant \describe ?
checkRd: (-1) write_spss.Rd:34: Lost braces in \itemize; meant \describe ?
checkRd: (-1) write_spss.Rd:35-40: Lost braces in \itemize; meant \describe ?
checkRd: (-1) write_spss.Rd:45: Lost braces in \itemize; meant \describe ?
checkRd: (-1) write_spss.Rd:46: Lost braces in \itemize; meant \describe ?
Flavors: r-devel-linux-x86_64-debian-clang, r-devel-linux-x86_64-debian-gcc, r-devel-linux-x86_64-fedora-clang, r-devel-linux-x86_64-fedora-gcc, r-devel-windows-x86_64, r-patched-linux-x86_64