Last updated on 2024-03-27 22:57:44 CET.
Flavor | Version | Tinstall | Tcheck | Ttotal | Status | Flags |
---|---|---|---|---|---|---|
r-devel-linux-x86_64-debian-clang | 0.2.4 | 91.84 | 100.50 | 192.34 | OK | |
r-devel-linux-x86_64-debian-gcc | 0.2.4 | 75.21 | 77.78 | 152.99 | OK | |
r-devel-linux-x86_64-fedora-clang | 0.2.4 | 245.48 | OK | |||
r-devel-linux-x86_64-fedora-gcc | 0.2.4 | 274.53 | OK | |||
r-devel-windows-x86_64 | 0.2.4 | 64.00 | 125.00 | 189.00 | OK | |
r-patched-linux-x86_64 | 0.2.4 | 79.56 | 95.67 | 175.23 | OK | |
r-release-linux-x86_64 | 0.2.4 | 78.29 | 95.73 | 174.02 | OK | |
r-release-macos-arm64 | 0.2.4 | 79.00 | NOTE | |||
r-release-macos-x86_64 | 0.2.4 | 267.00 | NOTE | |||
r-release-windows-x86_64 | 0.2.4 | 82.00 | 145.00 | 227.00 | OK | |
r-oldrel-macos-arm64 | 0.2.4 | 83.00 | NOTE | |||
r-oldrel-windows-x86_64 | 0.2.4 | 80.00 | 138.00 | 218.00 | OK |
Version: 0.2.4
Check: installed package size
Result: NOTE
installed size is 13.5Mb
sub-directories of 1Mb or more:
doc 1.3Mb
libs 11.7Mb
Flavors: r-release-macos-arm64, r-release-macos-x86_64, r-oldrel-macos-arm64