CRAN Package Check Results for Package ecm

Last updated on 2022-09-27 23:08:39 CEST.

Flavor Version Tinstall Tcheck Ttotal Status Flags
r-devel-linux-x86_64-debian-clang 6.3.0 3.63 30.86 34.49 OK
r-devel-linux-x86_64-debian-gcc 6.3.0 2.62 24.22 26.84 OK
r-devel-linux-x86_64-fedora-clang 6.3.0 54.54 NOTE
r-devel-linux-x86_64-fedora-gcc 6.3.0 51.85 NOTE
r-devel-windows-x86_64 6.3.0 11.00 59.00 70.00 OK
r-patched-linux-x86_64 6.3.0 3.45 29.16 32.61 OK
r-release-linux-x86_64 6.3.0 2.39 29.83 32.22 OK
r-release-macos-arm64 6.3.0 17.00 NOTE
r-release-macos-x86_64 6.3.0 29.00 NOTE
r-release-windows-x86_64 6.3.0 13.00 56.00 69.00 OK
r-oldrel-macos-arm64 6.3.0 28.00 NOTE
r-oldrel-macos-x86_64 6.3.0 37.00 NOTE
r-oldrel-windows-ix86+x86_64 6.3.0 8.00 60.00 68.00 OK

Check Details

Version: 6.3.0
Check: dependencies in R code
Result: NOTE
    Namespaces in Imports field not imported from:
     ‘lmtest’ ‘sandwich’ ‘urca’
     All declared Imports should be used.
Flavors: r-devel-linux-x86_64-fedora-clang, r-devel-linux-x86_64-fedora-gcc, r-release-macos-arm64, r-release-macos-x86_64, r-oldrel-macos-arm64, r-oldrel-macos-x86_64