CRAN Package Check Results for Package ecmwfr

Last updated on 2021-07-23 22:53:06 CEST.

Flavor Version Tinstall Tcheck Ttotal Status Flags
r-devel-linux-x86_64-debian-clang 1.3.0 3.46 50.64 54.10 NOTE
r-devel-linux-x86_64-debian-gcc 1.3.0 2.38 39.20 41.58 NOTE
r-devel-linux-x86_64-fedora-clang 1.3.0 72.27 NOTE
r-devel-linux-x86_64-fedora-gcc 1.3.0 63.34 NOTE
r-devel-windows-x86_64 1.3.0 4.00 56.00 60.00 NOTE
r-devel-windows-x86_64-gcc10-UCRT 1.3.0 NOTE
r-patched-linux-x86_64 1.3.0 3.63 47.98 51.61 NOTE
r-patched-solaris-x86 1.3.0 91.90 NOTE
r-release-linux-x86_64 1.3.0 3.11 48.23 51.34 NOTE
r-release-macos-arm64 1.3.0 NOTE
r-release-macos-x86_64 1.3.0 NOTE
r-release-windows-ix86+x86_64 1.3.0 7.00 53.00 60.00 NOTE
r-oldrel-macos-x86_64 1.3.0 OK
r-oldrel-windows-ix86+x86_64 1.3.0 7.00 89.00 96.00 OK

Check Details

Version: 1.3.0
Check: LazyData
Result: NOTE
     'LazyData' is specified without a 'data' directory
Flavors: r-devel-linux-x86_64-debian-clang, r-devel-linux-x86_64-debian-gcc, r-devel-linux-x86_64-fedora-clang, r-devel-linux-x86_64-fedora-gcc, r-devel-windows-x86_64, r-devel-windows-x86_64-gcc10-UCRT, r-patched-linux-x86_64, r-patched-solaris-x86, r-release-linux-x86_64, r-release-macos-arm64, r-release-macos-x86_64, r-release-windows-ix86+x86_64