Last updated on 2024-04-17 22:59:50 CEST.
Flavor | Version | Tinstall | Tcheck | Ttotal | Status | Flags |
---|---|---|---|---|---|---|
r-devel-linux-x86_64-debian-clang | 1.2.6.4 | 4.39 | 59.02 | 63.41 | OK | |
r-devel-linux-x86_64-debian-gcc | 1.2.6.4 | 3.26 | 41.77 | 45.03 | OK | |
r-devel-linux-x86_64-fedora-clang | 1.2.6.4 | 78.99 | OK | |||
r-devel-linux-x86_64-fedora-gcc | 1.2.6.4 | 89.00 | OK | |||
r-prerel-macos-arm64 | 1.2.6.4 | 31.00 | OK | |||
r-prerel-windows-x86_64 | 1.2.6.4 | 8.00 | 80.00 | 88.00 | OK | |
r-patched-linux-x86_64 | 1.2.6.4 | 4.00 | 57.99 | 61.99 | OK | |
r-release-linux-x86_64 | 1.2.6.4 | 4.15 | 57.52 | 61.67 | OK | |
r-release-macos-arm64 | 1.2.6.4 | 42.00 | OK | |||
r-release-macos-x86_64 | 1.2.6.4 | 60.00 | NOTE | |||
r-release-windows-x86_64 | 1.2.6.4 | 7.00 | 82.00 | 89.00 | OK | |
r-oldrel-macos-arm64 | 1.2.6.4 | 31.00 | OK | |||
r-oldrel-windows-x86_64 | 1.2.6.4 | 9.00 | 89.00 | 98.00 | OK |
Version: 1.2.6.4
Check: package dependencies
Result: NOTE
Package suggested but not available for checking: ‘seacarb’
Flavor: r-release-macos-x86_64