Last updated on 2024-04-26 22:54:41 CEST.
Flavor | Version | Tinstall | Tcheck | Ttotal | Status | Flags |
---|---|---|---|---|---|---|
r-devel-linux-x86_64-debian-clang | 0.1.1-10 | 4.92 | 40.82 | 45.74 | NOTE | |
r-devel-linux-x86_64-debian-gcc | 0.1.1-10 | 3.71 | 29.49 | 33.20 | NOTE | |
r-devel-linux-x86_64-fedora-clang | 0.1.1-10 | 57.51 | NOTE | |||
r-devel-linux-x86_64-fedora-gcc | 0.1.1-10 | 54.39 | NOTE | |||
r-devel-windows-x86_64 | 0.1.1-10 | 4.00 | 49.00 | 53.00 | NOTE | |
r-patched-linux-x86_64 | 0.1.1-10 | 5.85 | 37.32 | 43.17 | NOTE | |
r-release-linux-x86_64 | 0.1.1-10 | 4.31 | 37.55 | 41.86 | OK | |
r-release-macos-arm64 | 0.1.1-10 | 18.00 | NOTE | |||
r-release-windows-x86_64 | 0.1.1-10 | 5.00 | 47.00 | 52.00 | NOTE | |
r-oldrel-macos-arm64 | 0.1.1-10 | 22.00 | OK | |||
r-oldrel-macos-x86_64 | 0.1.1-10 | 31.00 | OK | |||
r-oldrel-windows-x86_64 | 0.1.1-10 | 5.00 | 52.00 | 57.00 | OK |
Version: 0.1.1-10
Check: Rd files
Result: NOTE
checkRd: (-1) ecolRxC.Rd:161-166: Lost braces in \itemize; meant \describe ?
checkRd: (-1) ecolRxC.Rd:167-175: Lost braces in \itemize; meant \describe ?
checkRd: (-1) ecolRxC.Rd:176-178: Lost braces in \itemize; meant \describe ?
checkRd: (-1) ecolRxC.Rd:179-185: Lost braces in \itemize; meant \describe ?
checkRd: (-1) ecolRxC.Rd:186-192: Lost braces in \itemize; meant \describe ?
checkRd: (-1) ecolRxC.Rd:193-201: Lost braces in \itemize; meant \describe ?
checkRd: (-1) ecolRxC.Rd:202-208: Lost braces in \itemize; meant \describe ?
checkRd: (-1) ecolRxC.Rd:209-216: Lost braces in \itemize; meant \describe ?
checkRd: (-1) ecolRxC.Rd:217-221: Lost braces in \itemize; meant \describe ?
Flavors: r-devel-linux-x86_64-debian-clang, r-devel-linux-x86_64-debian-gcc, r-devel-linux-x86_64-fedora-clang, r-devel-linux-x86_64-fedora-gcc, r-devel-windows-x86_64, r-patched-linux-x86_64, r-release-macos-arm64, r-release-windows-x86_64