Last updated on 2024-04-23 22:55:20 CEST.
Flavor | Version | Tinstall | Tcheck | Ttotal | Status | Flags |
---|---|---|---|---|---|---|
r-devel-linux-x86_64-debian-clang | 0.7.0 | 72.71 | 136.82 | 209.53 | OK | |
r-devel-linux-x86_64-debian-gcc | 0.7.0 | 56.68 | 104.14 | 160.82 | OK | |
r-devel-linux-x86_64-fedora-clang | 0.7.0 | 273.33 | OK | |||
r-devel-linux-x86_64-fedora-gcc | 0.7.0 | 271.94 | OK | |||
r-prerel-macos-arm64 | 0.7.0 | 65.00 | NOTE | |||
r-prerel-windows-x86_64 | 0.7.0 | 58.00 | 130.00 | 188.00 | OK | |
r-patched-linux-x86_64 | 0.7.0 | 69.19 | 132.05 | 201.24 | OK | |
r-release-linux-x86_64 | 0.7.0 | 69.47 | 138.99 | 208.46 | OK | |
r-release-macos-arm64 | 0.7.0 | 78.00 | NOTE | |||
r-release-macos-x86_64 | 0.7.0 | 126.00 | NOTE | |||
r-release-windows-x86_64 | 0.7.0 | 68.00 | 160.00 | 228.00 | OK | |
r-oldrel-macos-arm64 | 0.7.0 | 73.00 | NOTE | |||
r-oldrel-windows-x86_64 | 0.7.0 | 67.00 | 154.00 | 221.00 | OK |
Version: 0.7.0
Check: installed package size
Result: NOTE
installed size is 13.4Mb
sub-directories of 1Mb or more:
libs 13.3Mb
Flavors: r-prerel-macos-arm64, r-release-macos-arm64, r-release-macos-x86_64, r-oldrel-macos-arm64