CRAN Package Check Results for Package ecosim

Last updated on 2025-01-20 22:48:58 CET.

Flavor Version Tinstall Tcheck Ttotal Status Flags
r-devel-linux-x86_64-debian-clang 1.3-4 3.92 42.77 46.69 NOTE
r-devel-linux-x86_64-debian-gcc 1.3-4 2.74 28.64 31.38 NOTE
r-devel-linux-x86_64-fedora-clang 1.3-4 77.35 OK
r-devel-linux-x86_64-fedora-gcc 1.3-4 73.93 OK
r-devel-windows-x86_64 1.3-4 4.00 61.00 65.00 NOTE
r-patched-linux-x86_64 1.3-4 5.39 40.81 46.20 OK
r-release-linux-x86_64 1.3-4 3.69 40.72 44.41 OK
r-release-macos-arm64 1.3-4 23.00 OK
r-release-macos-x86_64 1.3-4 35.00 OK
r-release-windows-x86_64 1.3-4 4.00 64.00 68.00 OK
r-oldrel-macos-arm64 1.3-4 24.00 OK
r-oldrel-macos-x86_64 1.3-4 53.00 OK
r-oldrel-windows-x86_64 1.3-4 4.00 65.00 69.00 OK

Check Details

Version: 1.3-4
Check: Rd cross-references
Result: NOTE Found the following Rd file(s) with Rd \link{} targets missing package anchors: calcres.Rd: ode ecosim-package.Rd: calc.stoich.coef, ode process-class.Rd: calc.stoich.coef system-class.Rd: ode Please provide package anchors for all Rd \link{} targets not in the package itself and the base packages. Flavors: r-devel-linux-x86_64-debian-clang, r-devel-linux-x86_64-debian-gcc, r-devel-windows-x86_64