Last updated on 2023-09-23 23:00:45 CEST.
Flavor | Version | Tinstall | Tcheck | Ttotal | Status | Flags |
---|---|---|---|---|---|---|
r-devel-linux-x86_64-debian-clang | 1.0 | 2.23 | 32.64 | 34.87 | OK | |
r-devel-linux-x86_64-debian-gcc | 1.0 | 1.84 | 24.64 | 26.48 | OK | |
r-devel-linux-x86_64-fedora-clang | 1.0 | 42.86 | NOTE | |||
r-devel-linux-x86_64-fedora-gcc | 1.0 | 44.05 | NOTE | |||
r-devel-windows-x86_64 | 1.0 | 3.00 | 48.00 | 51.00 | OK | |
r-patched-linux-x86_64 | 1.0 | 2.59 | 31.31 | 33.90 | OK | |
r-release-linux-x86_64 | 1.0 | 2.51 | 31.45 | 33.96 | OK | |
r-release-macos-arm64 | 1.0 | 18.00 | OK | |||
r-release-macos-x86_64 | 1.0 | 24.00 | OK | |||
r-release-windows-x86_64 | 1.0 | 3.00 | 49.00 | 52.00 | OK | |
r-oldrel-macos-arm64 | 1.0 | 19.00 | OK | |||
r-oldrel-macos-x86_64 | 1.0 | 25.00 | NOTE | |||
r-oldrel-windows-x86_64 | 1.0 | 6.00 | 49.00 | 55.00 | OK |
Version: 1.0
Check: dependencies in R code
Result: NOTE
Namespace in Imports field not imported from: ‘graphics’
All declared Imports should be used.
Flavors: r-devel-linux-x86_64-fedora-clang, r-devel-linux-x86_64-fedora-gcc, r-oldrel-macos-x86_64