CRAN Package Check Results for Package eda4treeR

Last updated on 2021-11-30 22:54:29 CET.

Flavor Version Tinstall Tcheck Ttotal Status Flags
r-devel-linux-x86_64-debian-clang 0.3.0 15.94 138.03 153.97 OK
r-devel-linux-x86_64-debian-gcc 0.3.0 13.61 114.41 128.02 OK
r-devel-linux-x86_64-fedora-clang 0.3.0 200.62 NOTE
r-devel-linux-x86_64-fedora-gcc 0.3.0 184.20 NOTE
r-devel-windows-x86_64-new-UL 0.3.0 28.00 194.00 222.00 OK
r-devel-windows-x86_64-new-TK 0.3.0 NOTE
r-devel-windows-x86_64-old 0.3.0 24.00 128.00 152.00 OK
r-patched-linux-x86_64 0.3.0 16.24 128.89 145.13 OK
r-patched-solaris-x86 0.3.0 265.60 NOTE
r-release-linux-x86_64 0.3.0 13.42 129.06 142.48 OK
r-release-macos-arm64 0.3.0 NOTE
r-release-macos-x86_64 0.3.0 NOTE
r-release-windows-ix86+x86_64 0.3.0 36.00 119.00 155.00 OK
r-oldrel-macos-x86_64 0.3.0 NOTE
r-oldrel-windows-ix86+x86_64 0.3.0 26.00 117.00 143.00 OK

Check Details

Version: 0.3.0
Check: dependencies in R code
Result: NOTE
    Namespaces in Imports field not imported from:
     ‘dae’ ‘dplyr’
     All declared Imports should be used.
Flavors: r-devel-linux-x86_64-fedora-clang, r-devel-linux-x86_64-fedora-gcc, r-devel-windows-x86_64-new-TK, r-patched-solaris-x86, r-release-macos-arm64, r-release-macos-x86_64, r-oldrel-macos-x86_64