Last updated on 2024-03-28 23:01:43 CET.
Flavor | Version | Tinstall | Tcheck | Ttotal | Status | Flags |
---|---|---|---|---|---|---|
r-devel-linux-x86_64-debian-clang | 0.3.1 | 35.68 | 342.11 | 377.79 | NOTE | |
r-devel-linux-x86_64-debian-gcc | 0.3.1 | 27.48 | 242.24 | 269.72 | NOTE | |
r-devel-linux-x86_64-fedora-clang | 0.3.1 | 494.46 | NOTE | |||
r-devel-linux-x86_64-fedora-gcc | 0.3.1 | 459.38 | NOTE | |||
r-devel-windows-x86_64 | 0.3.1 | 30.00 | 198.00 | 228.00 | NOTE | |
r-patched-linux-x86_64 | 0.3.1 | 26.08 | 328.86 | 354.94 | NOTE | |
r-release-linux-x86_64 | 0.3.1 | 25.00 | 323.14 | 348.14 | OK | |
r-release-macos-arm64 | 0.3.1 | 129.00 | OK | |||
r-release-macos-x86_64 | 0.3.1 | 214.00 | OK | |||
r-release-windows-x86_64 | 0.3.1 | 42.00 | 268.00 | 310.00 | OK | |
r-oldrel-macos-arm64 | 0.3.1 | 105.00 | OK | |||
r-oldrel-windows-x86_64 | 0.3.1 | 45.00 | 263.00 | 308.00 | OK |
Version: 0.3.1
Check: Rd files
Result: NOTE
checkRd: (-1) sd_map.Rd:33-34: Lost braces
33 | the map. \itemize{ \item{\code{elem} {displays elementary and unified
| ^
checkRd: (-1) sd_map.Rd:34: Lost braces; missing escapes or markup?
34 | districts}} \item{\code{secon} {displays secondary and unified districts}}}
| ^
Flavors: r-devel-linux-x86_64-debian-clang, r-devel-linux-x86_64-debian-gcc, r-devel-linux-x86_64-fedora-clang, r-devel-linux-x86_64-fedora-gcc, r-devel-windows-x86_64, r-patched-linux-x86_64