CRAN Package Check Results for Package edbuildmapr

Last updated on 2021-05-17 22:56:22 CEST.

Flavor Version Tinstall Tcheck Ttotal Status Flags
r-devel-linux-x86_64-debian-clang 0.2.0 17.90 155.73 173.63 NOTE
r-devel-linux-x86_64-debian-gcc 0.2.0 15.86 116.28 132.14 NOTE
r-devel-linux-x86_64-fedora-clang 0.2.0 221.24 NOTE
r-devel-linux-x86_64-fedora-gcc 0.2.0 200.28 NOTE
r-devel-windows-ix86+x86_64 0.2.0 48.00 182.00 230.00 NOTE
r-devel-windows-x86_64-gcc10-UCRT 0.2.0 NOTE
r-patched-linux-x86_64 0.2.0 19.23 147.17 166.40 NOTE
r-patched-solaris-x86 0.2.0 297.80 NOTE
r-release-linux-x86_64 0.2.0 17.31 142.73 160.04 OK
r-release-macos-x86_64 0.2.0 OK
r-release-windows-ix86+x86_64 0.2.0 33.00 138.00 171.00 OK
r-oldrel-macos-x86_64 0.2.0 OK
r-oldrel-windows-ix86+x86_64 0.2.0 305.00 175.00 480.00 OK

Check Details

Version: 0.2.0
Check: LazyData
Result: NOTE
     'LazyData' is specified without a 'data' directory
Flavors: r-devel-linux-x86_64-debian-clang, r-devel-linux-x86_64-debian-gcc, r-devel-linux-x86_64-fedora-clang, r-devel-linux-x86_64-fedora-gcc, r-devel-windows-ix86+x86_64, r-devel-windows-x86_64-gcc10-UCRT, r-patched-linux-x86_64, r-patched-solaris-x86