Last updated on 2023-11-29 23:02:33 CET.
Flavor | Version | Tinstall | Tcheck | Ttotal | Status | Flags |
---|---|---|---|---|---|---|
r-devel-linux-x86_64-debian-clang | 0.9.4 | 22.26 | 216.34 | 238.60 | OK | |
r-devel-linux-x86_64-debian-gcc | 0.9.4 | 16.88 | 148.11 | 164.99 | OK | |
r-devel-linux-x86_64-fedora-clang | 0.9.4 | 274.86 | NOTE | |||
r-devel-linux-x86_64-fedora-gcc | 0.9.4 | 267.23 | OK | |||
r-devel-windows-x86_64 | 0.9.4 | 18.00 | 156.00 | 174.00 | OK | |
r-patched-linux-x86_64 | 0.9.4 | 24.65 | 187.29 | 211.94 | OK | |
r-release-linux-x86_64 | 0.9.4 | 12.43 | 191.32 | 203.75 | OK | |
r-release-macos-arm64 | 0.9.4 | 83.00 | OK | |||
r-release-macos-x86_64 | 0.9.4 | 159.00 | OK | |||
r-release-windows-x86_64 | 0.9.4 | 23.00 | 197.00 | 220.00 | OK | |
r-oldrel-macos-arm64 | 0.9.4 | 75.00 | OK | |||
r-oldrel-macos-x86_64 | 0.9.4 | 97.00 | OK | |||
r-oldrel-windows-x86_64 | 0.9.4 | 26.00 | 190.00 | 216.00 | OK |
Version: 0.9.4
Check: Rd cross-references
Result: NOTE
Undeclared package ‘magrittr’ in Rd xrefs
Flavor: r-devel-linux-x86_64-fedora-clang