CRAN Package Check Results for Package edeaR

Last updated on 2021-05-13 22:50:58 CEST.

Flavor Version Tinstall Tcheck Ttotal Status Flags
r-devel-linux-x86_64-debian-clang 0.8.6 18.94 114.99 133.93 NOTE
r-devel-linux-x86_64-debian-gcc 0.8.6 13.24 84.16 97.40 NOTE
r-devel-linux-x86_64-fedora-clang 0.8.6 163.48 NOTE
r-devel-linux-x86_64-fedora-gcc 0.8.6 151.32 NOTE
r-devel-windows-ix86+x86_64 0.8.6 31.00 99.00 130.00 NOTE
r-devel-windows-x86_64-gcc10-UCRT 0.8.6 NOTE
r-patched-linux-x86_64 0.8.6 18.10 106.23 124.33 NOTE
r-patched-solaris-x86 0.8.6 198.90 NOTE
r-release-linux-x86_64 0.8.6 15.08 104.44 119.52 OK
r-release-macos-x86_64 0.8.6 OK
r-release-windows-ix86+x86_64 0.8.6 24.00 127.00 151.00 OK
r-oldrel-macos-x86_64 0.8.6 OK
r-oldrel-windows-ix86+x86_64 0.8.6 30.00 119.00 149.00 OK

Check Details

Version: 0.8.6
Check: LazyData
Result: NOTE
     'LazyData' is specified without a 'data' directory
Flavors: r-devel-linux-x86_64-debian-clang, r-devel-linux-x86_64-debian-gcc, r-devel-linux-x86_64-fedora-clang, r-devel-linux-x86_64-fedora-gcc, r-devel-windows-ix86+x86_64, r-devel-windows-x86_64-gcc10-UCRT, r-patched-linux-x86_64, r-patched-solaris-x86

Version: 0.8.6
Check: Rd cross-references
Result: NOTE
    Undeclared package ‘magrittr’ in Rd xrefs
Flavor: r-devel-linux-x86_64-fedora-clang