CRAN Package Check Results for Package edfun

Last updated on 2021-11-30 22:54:29 CET.

Flavor Version Tinstall Tcheck Ttotal Status Flags
r-devel-linux-x86_64-debian-clang 0.2.0 1.84 24.95 26.79 NOTE
r-devel-linux-x86_64-debian-gcc 0.2.0 1.48 21.10 22.58 NOTE
r-devel-linux-x86_64-fedora-clang 0.2.0 44.06 NOTE
r-devel-linux-x86_64-fedora-gcc 0.2.0 32.92 NOTE
r-devel-windows-x86_64-new-UL 0.2.0 6.00 72.00 78.00 NOTE
r-devel-windows-x86_64-new-TK 0.2.0 NOTE
r-devel-windows-x86_64-old 0.2.0 4.00 33.00 37.00 NOTE
r-patched-linux-x86_64 0.2.0 1.88 22.92 24.80 NOTE
r-patched-solaris-x86 0.2.0 45.20 NOTE
r-release-linux-x86_64 0.2.0 1.75 23.35 25.10 NOTE
r-release-macos-arm64 0.2.0 NOTE
r-release-macos-x86_64 0.2.0 NOTE
r-release-windows-ix86+x86_64 0.2.0 5.00 33.00 38.00 NOTE
r-oldrel-macos-x86_64 0.2.0 OK
r-oldrel-windows-ix86+x86_64 0.2.0 4.00 38.00 42.00 OK

Check Details

Version: 0.2.0
Check: LazyData
Result: NOTE
     'LazyData' is specified without a 'data' directory
Flavors: r-devel-linux-x86_64-debian-clang, r-devel-linux-x86_64-debian-gcc, r-devel-linux-x86_64-fedora-clang, r-devel-linux-x86_64-fedora-gcc, r-devel-windows-x86_64-new-UL, r-devel-windows-x86_64-new-TK, r-devel-windows-x86_64-old, r-patched-linux-x86_64, r-patched-solaris-x86, r-release-linux-x86_64, r-release-macos-arm64, r-release-macos-x86_64, r-release-windows-ix86+x86_64